{"id":1394,"date":"2023-03-15T18:14:25","date_gmt":"2023-03-15T18:14:25","guid":{"rendered":"https:\/\/quebaratodigital.com\/?post_type=product&#038;p=1394"},"modified":"2024-10-24T16:26:09","modified_gmt":"2024-10-24T16:26:09","slug":"abundancia-infinita-christie-marie-sheldon-mindvalley-espanol","status":"publish","type":"product","link":"https:\/\/quebaratodigital.com\/?product=abundancia-infinita-christie-marie-sheldon-mindvalley-espanol","title":{"rendered":"Abundancia Infinita \u2013 Christie Marie Sheldon Mindvalley (Espa\u00f1ol) + Bonos Extra Contenidos"},"content":{"rendered":"<section class=\"elementor-section elementor-top-section elementor-element elementor-element-b53428f elementor-section-boxed elementor-section-height-default elementor-section-height-default\" data-id=\"b53428f\" data-element_type=\"section\">\n<div class=\"elementor-container elementor-column-gap-default\">\n<div class=\"elementor-column elementor-col-100 elementor-top-column elementor-element elementor-element-d3af204\" data-id=\"d3af204\" data-element_type=\"column\">\n<div class=\"elementor-widget-wrap elementor-element-populated\">\n<div class=\"elementor-element elementor-element-6c1e2ef elementor-widget elementor-widget-heading\" data-id=\"6c1e2ef\" data-element_type=\"widget\" data-widget_type=\"heading.default\">\n<div class=\"elementor-widget-container\">\n<h2 class=\"elementor-heading-title elementor-size-default\">\u00bfQue es Abundancia infinita de Mindvalley?<\/h2>\n<\/div>\n<\/div>\n<\/div>\n<\/div>\n<\/div>\n<\/section>\n<section class=\"elementor-section elementor-top-section elementor-element elementor-element-625096f elementor-section-boxed elementor-section-height-default elementor-section-height-default\" data-id=\"625096f\" data-element_type=\"section\" data-settings=\"{&quot;background_background&quot;:&quot;classic&quot;}\">\n<div class=\"elementor-container elementor-column-gap-default\">\n<div class=\"elementor-column elementor-col-100 elementor-top-column elementor-element elementor-element-7afeadf\" data-id=\"7afeadf\" data-element_type=\"column\">\n<div class=\"elementor-widget-wrap elementor-element-populated\">\n<div class=\"elementor-element elementor-element-4f2268b elementor-widget elementor-widget-text-editor\" data-id=\"4f2268b\" data-element_type=\"widget\" data-widget_type=\"text-editor.default\">\n<div class=\"elementor-widget-container\">\n<p>Este es un programa donde te sumergiras en tu mapa energ\u00e9tico y liberar\u00e1s de tus bloqueos personales con la abundancia<\/p>\n<p><strong>En este te liberaras para siempre de los bloqueos con la abundancia<\/strong><\/p>\n<p>Eliminar los bloqueos con la abundancia no es algo que puedas hacer solo, aun cuando sepas exactamente cu\u00e1les son y tomes la decisi\u00f3n consciente de liberarte de ellos<\/p>\n<p>Tu frecuencia energ\u00e9tica actual y tus patrones subconscientes de pensamiento siempre te har\u00e1n regresar a ellos, te devolver\u00e1n a tu estado inicial, a las mismas creencias y conductas limitantes.<\/p>\n<p><strong>Por eso, la clave para deshacerte de ellos es ir al origen, a la parte de tu campo energ\u00e9tico personal conocido como \u201cfrecuencia de abundancia\u201d<\/strong>\u00a0y para eso est\u00e1 Christie Marie Sheldon. Ella utiliza su peculiar don para acceder a los campos de energ\u00eda de la gente: cre\u00f3 una serie de t\u00e9cnicas sumamente efectivas para acceder a tu frecuencia de abundancia y eliminar sistem\u00e1ticamente todos los bloqueos que te detienen.<\/p>\n<p>&nbsp;<\/p>\n<\/div>\n<\/div>\n<\/div>\n<\/div>\n<\/div>\n<\/section>\n<section class=\"elementor-section elementor-top-section elementor-element elementor-element-742abb9 elementor-section-boxed elementor-section-height-default elementor-section-height-default\" data-id=\"742abb9\" data-element_type=\"section\">\n<div class=\"elementor-container elementor-column-gap-default\">\n<div class=\"elementor-column elementor-col-100 elementor-top-column elementor-element elementor-element-98f5974\" data-id=\"98f5974\" data-element_type=\"column\">\n<div class=\"elementor-widget-wrap elementor-element-populated\">\n<div class=\"elementor-element elementor-element-999cafa elementor-aspect-ratio-169 elementor-widget elementor-widget-video\" data-id=\"999cafa\" data-element_type=\"widget\" data-settings=\"{&quot;youtube_url&quot;:&quot;https:\\\/\\\/youtu.be\\\/F6hfGL2NoPQ&quot;,&quot;video_type&quot;:&quot;youtube&quot;,&quot;controls&quot;:&quot;yes&quot;,&quot;aspect_ratio&quot;:&quot;169&quot;}\" data-widget_type=\"video.default\">\n<div class=\"elementor-widget-container\">\n<div class=\"elementor-wrapper elementor-fit-aspect-ratio elementor-open-inline\">\u00bfQue aprender\u00e1s en este curso?<\/div>\n<\/div>\n<\/div>\n<\/div>\n<\/div>\n<\/div>\n<\/section>\n<section class=\"elementor-section elementor-top-section elementor-element elementor-element-8a401b3 elementor-section-boxed elementor-section-height-default elementor-section-height-default\" data-id=\"8a401b3\" data-element_type=\"section\" data-settings=\"{&quot;background_background&quot;:&quot;classic&quot;}\">\n<div class=\"elementor-container elementor-column-gap-default\">\n<div class=\"elementor-column elementor-col-100 elementor-top-column elementor-element elementor-element-8a5c048\" data-id=\"8a5c048\" data-element_type=\"column\">\n<div class=\"elementor-widget-wrap elementor-element-populated\">\n<div class=\"elementor-element elementor-element-a362874 elementor-widget elementor-widget-text-editor\" data-id=\"a362874\" data-element_type=\"widget\" data-widget_type=\"text-editor.default\">\n<div class=\"elementor-widget-container\">\n<p>El programa\u00a0<strong><em>Abundancia infinita<\/em><\/strong>\u00a0es una experiencia en l\u00ednea de sanaci\u00f3n energ\u00e9tica dise\u00f1ada para eliminar todos tus bloqueos con la abundancia, uno por uno. Christie acceder\u00e1 a tu frecuencia energ\u00e9tica para entrar en tu mente inconsciente y liberarte de cada uno de tus bloqueos con la abundancia por medio de una serie de grabaciones inmersivas. El programa est\u00e1 dise\u00f1ado para brindarte la misma transformaci\u00f3n que vivir\u00edas en una sesi\u00f3n individual de sanaci\u00f3n energ\u00e9tica con la Christie, pero a una fracci\u00f3n del costo y a tu propio ritmo<\/p>\n<p><strong>Aprenderas sobre los 24 bloqueos con la abundancia que podr\u00edan estar fren\u00e1ndote, donde tambi\u00e9n hay 24 sesiones en audio enfocadas en eliminar cada uno de ellos<\/strong><\/p>\n<p>Tu viaje comienza con la prueba de diagn\u00f3stico de bloqueos con la abundancia, un proceso de autoevaluaci\u00f3n en l\u00ednea que simula una sesi\u00f3n cara a cara con Christie. Solo tendr\u00e1s que responder una serie de preguntas sencillas que nos dir\u00e1n en qu\u00e9 bloqueo debemos trabajar primero. Cada sesi\u00f3n de sanaci\u00f3n energ\u00e9tica incluye un manual en PDF que te ayudar\u00e1 a eliminar los bloqueos uno por uno. Vivir\u00e1s un proceso poderoso e inmersivo que acceder\u00e1 a tu frecuencia energ\u00e9tica, penetrar\u00e1 en tu inconsciente y te liberar\u00e1 de un bloqueo espec\u00edfico.<\/p>\n<\/div>\n<\/div>\n<\/div>\n<\/div>\n<\/div>\n<\/section>\n<section class=\"elementor-section elementor-top-section elementor-element elementor-element-92d1218 elementor-section-boxed elementor-section-height-default elementor-section-height-default\" data-id=\"92d1218\" data-element_type=\"section\">\n<div class=\"elementor-container elementor-column-gap-default\">\n<div class=\"elementor-column elementor-col-100 elementor-top-column elementor-element elementor-element-3d111c1\" data-id=\"3d111c1\" data-element_type=\"column\">\n<div class=\"elementor-widget-wrap elementor-element-populated\">\n<div class=\"elementor-element elementor-element-96ad500 elementor-widget elementor-widget-spacer\" data-id=\"96ad500\" data-element_type=\"widget\" data-widget_type=\"spacer.default\">\n<div class=\"elementor-widget-container\">\n<div class=\"elementor-spacer\">\n<div class=\"elementor-spacer-inner\"><\/div>\n<\/div>\n<\/div>\n<\/div>\n<div class=\"elementor-element elementor-element-c848a79 elementor-widget elementor-widget-heading\" data-id=\"c848a79\" data-element_type=\"widget\" data-widget_type=\"heading.default\">\n<div class=\"elementor-widget-container\">\n<h2 class=\"elementor-heading-title elementor-size-default\">Programaci\u00f3n del curso:<\/h2>\n<p><img decoding=\"async\" src=\"https:\/\/tuscursoscloud.com\/wp-content\/uploads\/2022\/02\/Abundancia-infinita-de-Christie-Marie-Sheldon-y-MindValley-temario.jpg-1024x692.png\" \/><\/p>\n<\/div>\n<\/div>\n<\/div>\n<\/div>\n<\/div>\n<\/section>\n","protected":false},"excerpt":{"rendered":"<p><strong>Titulo:<\/strong>\u00a0Abundancia Infinita<br \/>\n<strong>Autor:<\/strong>\u00a0Christie Marie Sheldon, Mindvalley<br \/>\n<strong>Idioma:<\/strong>\u00a0Espa\u00f1ol<br \/>\n<strong>Formatos:<\/strong> mp4 (Video),mp4 (Audio),PDF<\/p>\n","protected":false},"featured_media":1395,"comment_status":"open","ping_status":"closed","template":"","meta":{"site-sidebar-layout":"default","site-content-layout":"default","ast-global-header-display":"","ast-main-header-display":"","ast-hfb-above-header-display":"","ast-hfb-below-header-display":"","ast-hfb-mobile-header-display":"","site-post-title":"","ast-breadcrumbs-content":"","ast-featured-img":"","footer-sml-layout":"","theme-transparent-header-meta":"default","adv-header-id-meta":"","stick-header-meta":"","header-above-stick-meta":"","header-main-stick-meta":"","header-below-stick-meta":"","_joinchat":[]},"product_brand":[],"product_cat":[23,22],"product_tag":[],"class_list":{"0":"post-1394","1":"product","2":"type-product","3":"status-publish","4":"has-post-thumbnail","6":"product_cat-cursos","7":"product_cat-cursos-mindvalley","8":"desktop-align-left","9":"tablet-align-left","10":"mobile-align-left","12":"first","13":"instock","14":"sale","15":"downloadable","16":"shipping-taxable","17":"purchasable","18":"product-type-simple"},"_links":{"self":[{"href":"https:\/\/quebaratodigital.com\/index.php?rest_route=\/wp\/v2\/product\/1394","targetHints":{"allow":["GET"]}}],"collection":[{"href":"https:\/\/quebaratodigital.com\/index.php?rest_route=\/wp\/v2\/product"}],"about":[{"href":"https:\/\/quebaratodigital.com\/index.php?rest_route=\/wp\/v2\/types\/product"}],"replies":[{"embeddable":true,"href":"https:\/\/quebaratodigital.com\/index.php?rest_route=%2Fwp%2Fv2%2Fcomments&post=1394"}],"wp:featuredmedia":[{"embeddable":true,"href":"https:\/\/quebaratodigital.com\/index.php?rest_route=\/wp\/v2\/media\/1395"}],"wp:attachment":[{"href":"https:\/\/quebaratodigital.com\/index.php?rest_route=%2Fwp%2Fv2%2Fmedia&parent=1394"}],"wp:term":[{"taxonomy":"product_brand","embeddable":true,"href":"https:\/\/quebaratodigital.com\/index.php?rest_route=%2Fwp%2Fv2%2Fproduct_brand&post=1394"},{"taxonomy":"product_cat","embeddable":true,"href":"https:\/\/quebaratodigital.com\/index.php?rest_route=%2Fwp%2Fv2%2Fproduct_cat&post=1394"},{"taxonomy":"product_tag","embeddable":true,"href":"https:\/\/quebaratodigital.com\/index.php?rest_route=%2Fwp%2Fv2%2Fproduct_tag&post=1394"}],"curies":[{"name":"wp","href":"https:\/\/api.w.org\/{rel}","templated":true}]}}