{"id":1564,"date":"2024-07-02T17:37:51","date_gmt":"2024-07-02T17:37:51","guid":{"rendered":"https:\/\/quebaratodigital.com\/?post_type=product&#038;p=1564"},"modified":"2025-11-17T08:54:00","modified_gmt":"2025-11-17T08:54:00","slug":"m-de-meditacion-emily-fletcher","status":"publish","type":"product","link":"https:\/\/quebaratodigital.com\/?product=m-de-meditacion-emily-fletcher","title":{"rendered":"M De Meditacion Emily Fletcher"},"content":{"rendered":"<p><strong>Mejora tu salud y tu vida profesional, amorosa y sexual con esta sencilla pero maravillosa herramienta<\/strong><\/p>\n<p>\ud83d\udc49Ya sea que medites o quieras comenzar a hacerlo, lo que est\u00e1s a punto de descubrir transformar\u00e1 tu comprensi\u00f3n sobre esta pr\u00e1ctica ancestral cient\u00edficamente comprobada.<\/p>\n<p>\ud83d\udc49Muchas personas piensan que la meditaci\u00f3n es una herramienta de relajaci\u00f3n y manejo del estr\u00e9s.<br \/>\nY muchos tambi\u00e9n luchan con ser consistentes, concentrarse, encontrar el tiempo, mantenerse quieto, disciplina, o solo mantenerse despierto. Estos son algunos de los problemas m\u00e1s comunes.<\/p>\n<p>Pero ahora existe un enfoque diferente de meditaci\u00f3n que cambia por completo estas expectativas.<\/p>\n<p>\ud83d\udc49Es un enfoque que te ayuda a relajarte, adem\u00e1s de despertar tu m\u00e1ximo rendimiento, la energ\u00eda y vitalidad ilimitadas, y hasta la creatividad e intuici\u00f3n sobrehumana.<\/p>\n<p>Y es un enfoque tan simple e intuitivo, que hasta la persona m\u00e1s ocupada puede hacerlo sin mucho esfuerzo en tan solo unos minutos al d\u00eda.<\/p>\n<p><strong>No es la meditaci\u00f3n tradicional como la conoces. Es meditaci\u00f3n para una vida moderna. Y para sacar a relucir la mejor versi\u00f3n de ti mismo.<\/strong><\/p>\n<p>Emily Fletcher, una de las mejores expertas en meditaci\u00f3n a nivel mundial, ser\u00e1 tu gu\u00eda para ayudarte a dominar esta versi\u00f3n mejorada de meditaci\u00f3n. Bienvenido a M de Meditaci\u00f3n.<\/p>\n","protected":false},"excerpt":{"rendered":"<div class=\"woocommerce-product-details__short-description\">\n<p><strong>Mejora tu salud y tu vida profesional, amorosa y sexual con esta sencilla pero maravillosa herramienta<\/strong><\/p>\n<\/div>\n","protected":false},"featured_media":1565,"comment_status":"open","ping_status":"closed","template":"","meta":{"site-sidebar-layout":"default","site-content-layout":"default","ast-global-header-display":"","ast-main-header-display":"","ast-hfb-above-header-display":"","ast-hfb-below-header-display":"","ast-hfb-mobile-header-display":"","site-post-title":"","ast-breadcrumbs-content":"","ast-featured-img":"","footer-sml-layout":"","theme-transparent-header-meta":"default","adv-header-id-meta":"","stick-header-meta":"","header-above-stick-meta":"","header-main-stick-meta":"","header-below-stick-meta":"","_joinchat":[]},"product_brand":[],"product_cat":[23,22],"product_tag":[],"class_list":{"0":"post-1564","1":"product","2":"type-product","3":"status-publish","4":"has-post-thumbnail","6":"product_cat-cursos","7":"product_cat-cursos-mindvalley","8":"desktop-align-left","9":"tablet-align-left","10":"mobile-align-left","12":"first","13":"instock","14":"sale","15":"downloadable","16":"shipping-taxable","17":"purchasable","18":"product-type-simple"},"_links":{"self":[{"href":"https:\/\/quebaratodigital.com\/index.php?rest_route=\/wp\/v2\/product\/1564","targetHints":{"allow":["GET"]}}],"collection":[{"href":"https:\/\/quebaratodigital.com\/index.php?rest_route=\/wp\/v2\/product"}],"about":[{"href":"https:\/\/quebaratodigital.com\/index.php?rest_route=\/wp\/v2\/types\/product"}],"replies":[{"embeddable":true,"href":"https:\/\/quebaratodigital.com\/index.php?rest_route=%2Fwp%2Fv2%2Fcomments&post=1564"}],"wp:featuredmedia":[{"embeddable":true,"href":"https:\/\/quebaratodigital.com\/index.php?rest_route=\/wp\/v2\/media\/1565"}],"wp:attachment":[{"href":"https:\/\/quebaratodigital.com\/index.php?rest_route=%2Fwp%2Fv2%2Fmedia&parent=1564"}],"wp:term":[{"taxonomy":"product_brand","embeddable":true,"href":"https:\/\/quebaratodigital.com\/index.php?rest_route=%2Fwp%2Fv2%2Fproduct_brand&post=1564"},{"taxonomy":"product_cat","embeddable":true,"href":"https:\/\/quebaratodigital.com\/index.php?rest_route=%2Fwp%2Fv2%2Fproduct_cat&post=1564"},{"taxonomy":"product_tag","embeddable":true,"href":"https:\/\/quebaratodigital.com\/index.php?rest_route=%2Fwp%2Fv2%2Fproduct_tag&post=1564"}],"curies":[{"name":"wp","href":"https:\/\/api.w.org\/{rel}","templated":true}]}}