{"id":1622,"date":"2024-07-12T01:38:47","date_gmt":"2024-07-12T01:38:47","guid":{"rendered":"https:\/\/quebaratodigital.com\/?post_type=product&#038;p=1622"},"modified":"2024-10-24T16:31:24","modified_gmt":"2024-10-24T16:31:24","slug":"felicidad-diaria-paul-mckenna-mindvalley","status":"publish","type":"product","link":"https:\/\/quebaratodigital.com\/?product=felicidad-diaria-paul-mckenna-mindvalley","title":{"rendered":"Felicidad diaria \u2013 Paul McKenna \/ Mindvalley"},"content":{"rendered":"<h6><strong>Si pudieras cambiar tu estr\u00e9s y ansiedad diarios por una dicha y una calma inquebrantables, \u00bflo har\u00edas?<\/strong><\/h6>\n<p>&nbsp;<\/p>\n<h6>\u00bfQu\u00e9 pasar\u00eda si tu bienestar mental ya no estuviera ligado al caos y la incertidumbre que suceden a tu alrededor todos los d\u00edas?<\/h6>\n<p>&nbsp;<\/p>\n<h6>\u00bfY si pudiera encarnar la paz y la alegr\u00eda como su estado predeterminado sin esfuerzo, sin tener que sacrificar su rendimiento y productividad?<\/h6>\n<p>&nbsp;<\/p>\n<p>&nbsp;<\/p>\n<p>Mucha gente cree que el estr\u00e9s paralizante es un efecto secundario inevitable de nuestra acelerada vida moderna.\u00a0Algunos incluso lo ven como un \u2018mal\u2019 necesario para lograr sus objetivos profesionales y personales.<\/p>\n<p>Pero estar tranquilo, feliz y alegre no deber\u00eda ser negociable.\u00a0De hecho, puede y debe ser tan natural para usted como respirar.<\/p>\n<p>El programa Everyday Bliss con el famoso hipnoterapeuta Paul McKenna le permite reprogramar la respuesta de su cuerpo y su mente al estr\u00e9s, de modo que una mente incondicionalmente positiva, un cuerpo relajado y una vida m\u00e1s feliz y productiva se conviertan en su nueva normalidad.<\/p>\n<p>&nbsp;<\/p>\n<p><strong>Di s\u00ed a tu ser m\u00e1s tranquilo y resistente<\/strong><\/p>\n<p>El programa Everyday Bliss es un sistema de Paul McKenna que lo condiciona con una serie de sus t\u00e9cnicas exclusivas de PNL e hipnoterapia, dej\u00e1ndolo inmune a los efectos del estr\u00e9s, el miedo y la ansiedad.<\/p>\n<p>Al seguir los sencillos pasos de Paul, estar\u00e1 mucho mejor equipado para lidiar con cualquier forma de estr\u00e9s que encuentre. Y finalmente disfrute de una mejor calidad de vida, sin comprometer su \u00e9xito o productividad.<\/p>\n<p>La belleza del proceso de Paul es que lo reprograma, tanto a nivel mental como fisiol\u00f3gico, para procesar naturalmente el estr\u00e9s de una manera m\u00e1s saludable y productiva. Todo sin luchas de fuerza de voluntad o cambios de comportamiento conscientes.<\/p>\n<p>Paul es un pionero de renombre mundial en el cambio de comportamiento a trav\u00e9s del poder cient\u00edficamente probado de la hipnosis. Y a trav\u00e9s de su programa de debut Mindvalley, ahora usted tambi\u00e9n puede experimentar su enfoque aclamado por la cr\u00edtica para la transformaci\u00f3n personal.<\/p>\n<p>&nbsp;<\/p>\n<h2 style=\"text-align: center;\">El Curr\u00edculo de la Felicidad Cotidiana<\/h2>\n<p>&nbsp;<\/p>\n<p>El programa Everyday Bliss es un viaje de 21 d\u00edas hacia la liberaci\u00f3n del estr\u00e9s de por vida, alojado en la plataforma de aprendizaje Mindvalley Quests.\u00a0En solo 15 minutos o menos al d\u00eda, experimentar\u00e1 las herramientas y t\u00e9cnicas exclusivas de Paul McKenna para reprogramar la respuesta de su mente y cuerpo al estr\u00e9s.<\/p>\n<p>&nbsp;<\/p>\n<p>La belleza de las t\u00e9cnicas de Paul es que funcionan instant\u00e1neamente y son efectivas contra cualquier forma de estr\u00e9s: ya sea que provenga del trabajo, las relaciones o cualquier otra fuente.\u00a0Simplemente siga la sencilla gu\u00eda diaria de Paul y obtendr\u00e1 tanto inmunidad contra cualquier estr\u00e9s con el que est\u00e9 lidiando en el momento, como los medios para superar todos los encuentros futuros con \u00e9l.<\/p>\n<p>&nbsp;<\/p>\n<p>El objetivo final de Paul para usted a trav\u00e9s de este programa es una calidad de vida dram\u00e1ticamente mejorada.\u00a0Al final de los 21 d\u00edas, tendr\u00e1 una perspectiva transformada no solo sobre el estr\u00e9s, sino sobre la vida en general.\u00a0Las situaciones que sol\u00edan frustrarte o molestarte ahora se convertir\u00e1n en oportunidades para el crecimiento y el \u00e9xito.\u00a0Lo que antes te abrumaba ahora te emocionar\u00e1.\u00a0Y en lugar de ceder al miedo o la ansiedad, por fin tendr\u00e1s las herramientas adecuadas para dise\u00f1ar una vida definida por el bienestar y la felicidad.<\/p>\n<p>&nbsp;<\/p>\n<p><img fetchpriority=\"high\" decoding=\"async\" class=\"aligncenter entered lazyloaded\" src=\"https:\/\/storyblok-cdn.mindvalley.com\/f\/60579\/2068x1110\/21d07b650f\/eb_sp_devices_curriculum.png?trans?quality=40&amp;auto=webp&amp;dpr=1&amp;width=752\" alt=\"Felicidad cotidiana en m\u00faltiples dispositivos\" width=\"596\" height=\"320\" data-lazy-src=\"https:\/\/storyblok-cdn.mindvalley.com\/f\/60579\/2068x1110\/21d07b650f\/eb_sp_devices_curriculum.png?trans?quality=40&amp;auto=webp&amp;dpr=1&amp;width=752\" data-ll-status=\"loaded\" \/><\/p>\n","protected":false},"excerpt":{"rendered":"<div class=\"woocommerce-product-details__short-description\">\n<p>Al final de los 21 d\u00edas, tendr\u00e1 una perspectiva transformada no solo sobre el estr\u00e9s, sino sobre la vida en general.<\/p>\n<\/div>\n<form class=\"cart\" action=\"https:\/\/miscursosvirtuales.com.co\/producto\/felicidad-diaria-paul-mckenna-mindvalley\/\" enctype=\"multipart\/form-data\" method=\"post\">\n<div class=\"quantity\"><\/div>\n<\/form>\n","protected":false},"featured_media":1623,"comment_status":"open","ping_status":"closed","template":"","meta":{"site-sidebar-layout":"default","site-content-layout":"default","ast-global-header-display":"","ast-main-header-display":"","ast-hfb-above-header-display":"","ast-hfb-below-header-display":"","ast-hfb-mobile-header-display":"","site-post-title":"","ast-breadcrumbs-content":"","ast-featured-img":"","footer-sml-layout":"","theme-transparent-header-meta":"default","adv-header-id-meta":"","stick-header-meta":"","header-above-stick-meta":"","header-main-stick-meta":"","header-below-stick-meta":"","_joinchat":[]},"product_brand":[],"product_cat":[23,22],"product_tag":[],"class_list":{"0":"post-1622","1":"product","2":"type-product","3":"status-publish","4":"has-post-thumbnail","6":"product_cat-cursos","7":"product_cat-cursos-mindvalley","8":"desktop-align-left","9":"tablet-align-left","10":"mobile-align-left","12":"first","13":"instock","14":"sale","15":"downloadable","16":"shipping-taxable","17":"purchasable","18":"product-type-simple"},"_links":{"self":[{"href":"https:\/\/quebaratodigital.com\/index.php?rest_route=\/wp\/v2\/product\/1622","targetHints":{"allow":["GET"]}}],"collection":[{"href":"https:\/\/quebaratodigital.com\/index.php?rest_route=\/wp\/v2\/product"}],"about":[{"href":"https:\/\/quebaratodigital.com\/index.php?rest_route=\/wp\/v2\/types\/product"}],"replies":[{"embeddable":true,"href":"https:\/\/quebaratodigital.com\/index.php?rest_route=%2Fwp%2Fv2%2Fcomments&post=1622"}],"wp:featuredmedia":[{"embeddable":true,"href":"https:\/\/quebaratodigital.com\/index.php?rest_route=\/wp\/v2\/media\/1623"}],"wp:attachment":[{"href":"https:\/\/quebaratodigital.com\/index.php?rest_route=%2Fwp%2Fv2%2Fmedia&parent=1622"}],"wp:term":[{"taxonomy":"product_brand","embeddable":true,"href":"https:\/\/quebaratodigital.com\/index.php?rest_route=%2Fwp%2Fv2%2Fproduct_brand&post=1622"},{"taxonomy":"product_cat","embeddable":true,"href":"https:\/\/quebaratodigital.com\/index.php?rest_route=%2Fwp%2Fv2%2Fproduct_cat&post=1622"},{"taxonomy":"product_tag","embeddable":true,"href":"https:\/\/quebaratodigital.com\/index.php?rest_route=%2Fwp%2Fv2%2Fproduct_tag&post=1622"}],"curies":[{"name":"wp","href":"https:\/\/api.w.org\/{rel}","templated":true}]}}