{"id":1625,"date":"2024-07-12T01:42:57","date_gmt":"2024-07-12T01:42:57","guid":{"rendered":"https:\/\/quebaratodigital.com\/?post_type=product&#038;p=1625"},"modified":"2024-10-24T16:31:36","modified_gmt":"2024-10-24T16:31:36","slug":"poder-de-vision-de-vida-dr-michael-beckwith","status":"publish","type":"product","link":"https:\/\/quebaratodigital.com\/?product=poder-de-vision-de-vida-dr-michael-beckwith","title":{"rendered":"Poder de Visi\u00f3n de Vida \u2013 Dr. Michael Beckwith"},"content":{"rendered":"<h2 style=\"text-align: center;\">Deja atr\u00e1s la mentalidad de v\u00edctima<br \/>\nY aprende a entregarte a&amp; tu m\u00e1ximo a tu prop\u00f3sito de vida<\/h2>\n<p>&nbsp;<\/p>\n<div class=\"_row fixed-width \">\n<div class=\"_colwrap _centered\">\n<div class=\"_col\">\n<h5>Descubre un m\u00e9todo universal poderoso que va m\u00e1s all\u00e1 de la forma tradicional de establecer metas y manifestarlas.<\/h5>\n<h5><\/h5>\n<h5>Este m\u00e9todo te ayudar\u00e1 a alcanzar lo que el universo tiene guardado para ti.<\/h5>\n<p>&nbsp;<\/p>\n<\/div>\n<div id=\"group-1\" class=\"_row fixed-width l-page-navi__section js-waypoint _nopaddingbottom\">\n<div id=\"group-1\" class=\"_colwrap _centered\">\n<div class=\"_col\">\n<div class=\"_row fixed-width aside-right\">\n<div class=\"_colwrap _quarters \">\n<div class=\"_col _article \">\n<h4 class=\"_nomargintop\">\u00bfEst\u00e1s atrapado en una vida que no te satisface?<\/h4>\n<p>&nbsp;<\/p>\n<p class=\"_nospacingtop\">Este Desaf\u00edo es para personas que no est\u00e1n conformes con la forma moderna de establecer metas. Un m\u00e9todo que provoca que muchos de nosotros lleguemos a los 40 pregunt\u00e1ndonos qu\u00e9 demonios pas\u00f3 con nuestra vida. Esto sucede porque a menudo nuestras metas que no provienen de los deseos de nuestra alma, sino de lo que sociedad quiere de nosotros.<\/p>\n<p>Olv\u00eddate de la sociedad.<\/p>\n<p>&nbsp;<\/p>\n<p><strong>Escucha a tu alma.<\/strong><\/p>\n<h4 class=\"_nomargin\">\u00bfY si el camino hacia la vida maravillosa que deseas ya fue trazado por el universo?<\/h4>\n<p>&nbsp;<\/p>\n<p>Y lo \u00fanico que debes hacer es aceptarlo. Para el Dr. Michael Beckwith no hay personas de sobra en el planeta. Todos nacemos por una raz\u00f3n especial, un prop\u00f3sito \u00fanico que solo nosotros podemos cumplir.<\/p>\n<p>Lo mejor de todo es que el universo siempre est\u00e1 de tu lado y trabaja constantemente para ayudarte a descubrir tu prop\u00f3sito.<\/p>\n<p>A pesar de eso muchas personas suelen sentirse profundamente insatisfechas con el rumbo de sus vidas. Si es que tienen alg\u00fan rumbo.<\/p>\n<\/div>\n<div class=\"_col _aside \">\n<p>&nbsp;<\/p>\n<h5 class=\"margintop1em desktop_tablet\" style=\"text-align: center;\">Michael Bernard Beckwith<\/h5>\n<\/div>\n<\/div>\n<\/div>\n<div class=\"_row fixed-width sec-benefits mobile-padtop2em\">\n<div class=\"_colwrap _centered\">\n<div class=\"_col\">\n<h3 style=\"text-align: center;\">\u00bfPor qu\u00e9 a pesar de todos tus logros<br class=\"desktop_tablet\" \/>no logras sentirte pleno?<\/h3>\n<p>&nbsp;<\/p>\n<p class=\"_nomargintop\">Como muchas personas en el mundo actual, trabajas, te esfuerzas y luchas por alcanzar todo aquello que te dijeron que de dar\u00eda la una \u201cvida feliz\u201d.<\/p>\n<p>Tal vez ya conociste el mundo del crecimiento personal y aprendiste a usar t\u00e9cnicas tradicionales como la visualizaci\u00f3n y la manifestaci\u00f3n.<\/p>\n<div class=\"_row fixed-width \">\n<div class=\"_colwrap _centered\">\n<div class=\"_col\">\n<div class=\"_row fixed-width aside-left\">\n<div class=\"_colwrap _phi \">\n<div class=\"_col _article \">\n<p>Todo con el \u00fanico prop\u00f3sito de hacer tus sue\u00f1os realidad.<\/p>\n<p>E incluso ya alcanzaste algunas de tus metas.<\/p>\n<p><strong>Por lo tanto deber\u00edas sentirte pleno\u2026<\/strong><\/p>\n<p>Sin embargo a\u00fan sientes un gran vac\u00edo en ti.<\/p>\n<p>Una voz\u00a0<em>en tu interior<\/em>\u00a0te dice\u00a0<strong>que est\u00e1s destinado a lograr mucho m\u00e1s.<\/strong><\/p>\n<p>Si tan solo pudieras escuchar mejor y con claridad lo que tu alma realmente quiere para ti.<\/p>\n<p>Si tan solo pudieras deshacerte de la presi\u00f3n social, las expectativas de tus padres y todas las normas culturales que nublan tu pensamiento, por fin podr\u00edas descubrir tu verdadero prop\u00f3sito en la vida.<\/p>\n<\/div>\n<\/div>\n<div class=\"_col _aside \"><\/div>\n<\/div>\n<\/div>\n<\/div>\n<\/div>\n<\/div>\n<\/div>\n<\/div>\n<div class=\"_row fixed-width sec-benefits padtop2em\">\n<div class=\"_colwrap _centered\">\n<div class=\"_col\">\n<h3>El \u201cingrediente secreto\u201d para vivir una vida plena, profunda e intencionada<\/h3>\n<p>&nbsp;<\/p>\n<p>Imagina c\u00f3mo ser\u00eda el NO tener que luchar en exceso por alcanzar tus metas en la vida.<br \/>\nImagina que las metas que tu alma anhela encuentran solas el camino hacia ti. Lo \u00fanico que debes hacer es aceptarlo.<\/p>\n<p>Pi\u00e9nsalo:<br \/>\n<strong>\u00bfLas rosas necesitan descubrir que son rosas?<\/strong><\/p>\n<p>\u00bfO solo necesitan estar un ambiente f\u00e9rtil para que su naturaleza intr\u00ednseca absorba todos los nutrientes que necesita para florecer y expresar su belleza?<\/p>\n<p>Lo mismo sucede contigo.<\/p>\n<p>Eres la manifestaci\u00f3n individual de todo lo que es eterno, una forma que tiene el universo de conocerse a s\u00ed mismo a trav\u00e9s de ti.<\/p>\n<p>Y cuando te encuentres en el\u00a0<strong>ambiente adecuado<\/strong>, t\u00fa tambi\u00e9n florecer\u00e1s en la expresi\u00f3n divina que eres en realidad.<\/p>\n<p>El Desaf\u00edo Poder de Visi\u00f3n de Vida del Dr. Michael Beckwith est\u00e1 dise\u00f1ado para ayudarte a ascender en las 4 etapas del crecimiento espiritual. Cada etapa es un despertar que te ayudar\u00e1 a estar alineado con tu verdadera esencia.<\/p>\n<p>Al final del Desaf\u00edo, tu prop\u00f3sito en la vida ser\u00e1 tan claro como el agua y podr\u00e1s empezar a\u00a0<strong>manifestar desde el alma.<\/strong><\/p>\n<p>&nbsp;<\/p>\n<\/div>\n<\/div>\n<\/div>\n<div class=\"_row fixed-width sec-benefits mobile-padtop2em\">\n<div class=\"_colwrap _centered\">\n<div class=\"_col\">\n<h3>C\u00f3mo el Dr. Michael Beckwith inspir\u00f3 a Vishen Lahkiani<\/h3>\n<div class=\"_row fixed-width \">\n<div class=\"_colwrap _bi \">\n<div class=\"_col _left \"><\/div>\n<div class=\"_col _right \">\n<p>El Dr. Michael Beckwith es uno de los maestros espirituales m\u00e1s influyentes en la vida de Vishen y de todo el equipo de Mindvalley.<\/p>\n<p>\u201cSus ideas me ayudaron a desarrollarme a m\u00ed y nuestra compa\u00f1\u00eda, las metas verdaderas no provienen del orden establecido,\u00a0<strong>sino de lo m\u00e1s profundo de nuestra alma.<\/strong><\/p>\n<p>Otras ideas de Michael como las 4 etapas del crecimiento espiritual, me han ayudado a comprender la naturaleza de la realidad. Y conceptos como la Ley de resonancia cambiaron radicalmente mi forma de ver el crecimiento personal y el arte de manifestar.<\/p>\n<p>Michael ha sido uno de mis mejores maestros personales y menciono su nombre varias veces en mi libro \u00e9xito en ventas de New York Times,\u00a0<em>\u201cEl c\u00f3digo de las mentes extraordinarias\u201d<\/em>.<\/p>\n<p>Es un honor para m\u00ed traerlo a Mindvalley y ayudar a difundir su sabidur\u00eda por todo el mundo\u201d.<\/p>\n<p>&nbsp;<\/p>\n<\/div>\n<\/div>\n<\/div>\n<\/div>\n<\/div>\n<\/div>\n<\/div>\n<\/div>\n<\/div>\n<div id=\"group-2\" class=\"_row fixed-width js-waypoint _nopaddingbottom\">\n<div id=\"group-2\" class=\"_colwrap _centered\">\n<div class=\"_col\">\n<h2 class=\"padtopbottom1em\">Acerca del Dr. Michael Bernard Beckwith<\/h2>\n<p>&nbsp;<\/p>\n<div class=\"_row fixed-width onecolumn-device padbottom1em\">\n<div class=\"_colwrap _bi \">\n<div class=\"_col _left \">\n<p class=\"_nospacingbottom _nospacingtop\"><strong>El Dr. Michael Bernard Beckwith<\/strong>\u00a0es el fundador de Agape International Spiritual Center, una cominudad espiritual con m\u00e1s de 9.000 miembros. Ha aparecido en programas de televisi\u00f3n como\u00a0<strong>Dr. Oz, The Oprah Show, Larry King Live y tiene su propio especial en televisi\u00f3n abierta en Estados Unidos<\/strong>; as\u00ed comparte su mensaje con millones de personas. Tambi\u00e9n ha participado junto con el Dalai Lama y otros ministros del pensamiento en The Synthesis Dialogues.<\/p>\n<p>&nbsp;<\/p>\n<p>El Reverendo Beckwith es el creador del proceso de Envisionar tu vida, que ense\u00f1a a trav\u00e9s de sus libros y seminarios por todas partes del mundo. En esencia, este proceso es una forma de aceptar tu conexi\u00f3n con la divinidad y dejar que el universo opere a trav\u00e9s de ti. Este Desaf\u00edo es maravilloso, es un honor para nosotros presentar las ense\u00f1anzas de un hombre tan asombroso.<\/p>\n<p>&nbsp;<\/p>\n<div class=\"padbottom3emheading-txt txt-black author-bio\"><img decoding=\"async\" class=\"lazyloaded aligncenter\" src=\"https:\/\/static.mindvalley.com\/public\/assets\/2019\/11\/mHxS_lvm_signature_michael_black.png\" srcset=\"https:\/\/static.mindvalley.com\/public\/assets\/2019\/11\/mHxS_lvm_signature_michael_black.png 2x\" alt=\"Dr. Michael Bernard Beckwith\" data-srcset=\"https:\/\/static.mindvalley.com\/public\/assets\/2019\/11\/mHxS_lvm_signature_michael_black.png 2x\" data-src=\"https:\/\/static.mindvalley.com\/public\/assets\/2019\/11\/mHxS_lvm_signature_michael_black.png\" \/><\/div>\n<div><\/div>\n<\/div>\n<\/div>\n<div>\n<div id=\"group-3\" class=\"_row fixed-width l-page-navi__section bg-sp-gradient-2 js-waypoint\">\n<div id=\"group-3\" class=\"_colwrap _centered\">\n<div class=\"_col\">\n<div class=\"_row fixed-width _nomarginbottom\">\n<div class=\"_colwrap _centered\">\n<div class=\"_col\">\n<h5 class=\"txt-normal\">Lo que aprender\u00e1s:<\/h5>\n<p>&nbsp;<\/p>\n<h2 class=\"txt-lead\" style=\"text-align: center;\">C\u00f3mo \u201cPoder de Visi\u00f3n de Vida\u201d te ayudar\u00e1 a descubrir tu prop\u00f3sito en la vida<\/h2>\n<p>&nbsp;<\/p>\n<p>En \u201cPoder de Visi\u00f3n de Vida\u201d descubrir\u00e1s un esquema espiritual que trascender\u00e1 cualquier m\u00e9todo para establecer metas que exista, podr\u00e1s operar desde un lugar lleno de inspiraci\u00f3n. Adem\u00e1s, podr\u00e1s ver con claridad lo que significa el \u00e9xito para ti y no permitir\u00e1s que las expectativas de la sociedad influyan sobre ti. Ser\u00e1s libre de crear la vida que tu alma anhele.<\/p>\n<\/div>\n<\/div>\n<\/div>\n<div class=\"_row fixed-width padtop3em\">\n<div class=\"_colwrap _centered\">\n<div class=\"_col\">\n<div class=\"_row fixed-width \">\n<div class=\"_colwrap _quarters \">\n<div class=\"_col _aside \"><\/div>\n<div class=\"_col _article \">\n<p><strong>1. Que la Visi\u00f3n de tu vida te gu\u00ede<\/strong><br \/>\nOlv\u00eddate de la necesidad de \u201cmotivarte\u201d a alcanzar cualquier cosa, porque te sentir\u00e1s atra\u00eddo por el poderoso deseo de crear una realidad alineada con la voz de tu alma.<\/p>\n<p><strong>2. Crea tu propia suerte<\/strong><br \/>\nCuando adoptes el modelo del \u201cuniverso a tu favor\u201d en el que el mundo conspira para ayudarte a alcanzar el \u00e9xito, de inmediato sentir\u00e1s una calma profunda y la certeza de que siempre vivir\u00e1s de acuerdo a tu prop\u00f3sito en la vida.<\/p>\n<\/div>\n<\/div>\n<\/div>\n<div class=\"_row fixed-width \">\n<div class=\"_colwrap _quarters \">\n<div class=\"_col _article \">\n<p><strong>3. Lib\u00e9rate de cualquier expectativa externa<\/strong><br \/>\nEnam\u00f3rate de los deseos de tu alma para que ni los medios de comunicaci\u00f3n, la sociedad, tus padres, tu cultura o religi\u00f3n te impidan vivir la vida bajo tus propios t\u00e9rminos.<\/p>\n<p><strong>4. Descubre la mejor versi\u00f3n de ti<\/strong><br \/>\nAprovecha todo el conocimiento que te dar\u00e1 el proceso de envisionar, crea las condiciones ideales para que tus dones, talentos y habilidades \u00fanicas surjan y descubre c\u00f3mo el universo quiere expresarse a trav\u00e9s de ti.<\/p>\n<\/div>\n<\/div>\n<\/div>\n<div class=\"_row fixed-width \">\n<div class=\"_colwrap _quarters \">\n<div class=\"_col _article \">\n<p><strong>5. Asume tu Consciencia divina<\/strong><br \/>\nComprende tu verdadera naturaleza eterna como ser espiritual y observa c\u00f3mo tu vida se llena de amor, belleza y plenitud.<\/p>\n<p><strong>6. Escucha los mensajes del universo<\/strong><br \/>\nConoce pr\u00e1cticas espirituales avanzadas que te permitir\u00e1n escuchar los mensajes del universo y la consciencia colectiva, donde se origina todo el conocimiento. Esto te permitir\u00e1 ver m\u00e1s all\u00e1 de un punto de vista limitado y vivir experiencias m\u00e1gicas de creatividad y certeza.<\/p>\n<\/div>\n<\/div>\n<\/div>\n<div class=\"_row fixed-width \">\n<div class=\"_colwrap _quarters \">\n<div class=\"_col _article \">\n<p><strong>7. Vive la unicidad con todas las formas de vida<\/strong><br \/>\nSupera el ego da\u00f1ino, deja de ver una separaci\u00f3n entre ti y el resto del mundo y conc\u00edbete como una expresi\u00f3n \u00fanica del universo.<\/p>\n<p><strong>8. Olv\u00eddate de la forma tradicional de establecer metas<\/strong><br \/>\nAprende a manifestar m\u00e1s all\u00e1 de la imaginaci\u00f3n y prep\u00e1rate para conocer nuevas posibilidades de \u00e9xito, amor y crecimiento que jam\u00e1s habr\u00edas imaginado.<\/p>\n<\/div>\n<\/div>\n<\/div>\n<\/div>\n<\/div>\n<\/div>\n<\/div>\n<\/div>\n<\/div>\n<\/div>\n<\/div>\n<\/div>\n<\/div>\n<\/div>\n<\/div>\n<\/div>\n","protected":false},"excerpt":{"rendered":"<div class=\"woocommerce-product-details__short-description\">\n<h5>Descubre un m\u00e9todo universal poderoso que va m\u00e1s all\u00e1 de la forma tradicional de establecer metas y manifestarlas. Este m\u00e9todo te ayudar\u00e1 a alcanzar lo que el universo tiene guardado para ti.<\/h5>\n<\/div>\n<form class=\"cart\" action=\"https:\/\/miscursosvirtuales.com.co\/producto\/poder-de-vision-de-vida-dr-michael-beckwith\/\" enctype=\"multipart\/form-data\" method=\"post\">\n<div class=\"quantity\"><\/div>\n<\/form>\n","protected":false},"featured_media":1626,"comment_status":"open","ping_status":"closed","template":"","meta":{"site-sidebar-layout":"default","site-content-layout":"default","ast-global-header-display":"","ast-main-header-display":"","ast-hfb-above-header-display":"","ast-hfb-below-header-display":"","ast-hfb-mobile-header-display":"","site-post-title":"","ast-breadcrumbs-content":"","ast-featured-img":"","footer-sml-layout":"","theme-transparent-header-meta":"default","adv-header-id-meta":"","stick-header-meta":"","header-above-stick-meta":"","header-main-stick-meta":"","header-below-stick-meta":"","_joinchat":[]},"product_brand":[],"product_cat":[23,22],"product_tag":[],"class_list":{"0":"post-1625","1":"product","2":"type-product","3":"status-publish","4":"has-post-thumbnail","6":"product_cat-cursos","7":"product_cat-cursos-mindvalley","8":"desktop-align-left","9":"tablet-align-left","10":"mobile-align-left","12":"first","13":"instock","14":"sale","15":"downloadable","16":"shipping-taxable","17":"purchasable","18":"product-type-simple"},"_links":{"self":[{"href":"https:\/\/quebaratodigital.com\/index.php?rest_route=\/wp\/v2\/product\/1625","targetHints":{"allow":["GET"]}}],"collection":[{"href":"https:\/\/quebaratodigital.com\/index.php?rest_route=\/wp\/v2\/product"}],"about":[{"href":"https:\/\/quebaratodigital.com\/index.php?rest_route=\/wp\/v2\/types\/product"}],"replies":[{"embeddable":true,"href":"https:\/\/quebaratodigital.com\/index.php?rest_route=%2Fwp%2Fv2%2Fcomments&post=1625"}],"wp:featuredmedia":[{"embeddable":true,"href":"https:\/\/quebaratodigital.com\/index.php?rest_route=\/wp\/v2\/media\/1626"}],"wp:attachment":[{"href":"https:\/\/quebaratodigital.com\/index.php?rest_route=%2Fwp%2Fv2%2Fmedia&parent=1625"}],"wp:term":[{"taxonomy":"product_brand","embeddable":true,"href":"https:\/\/quebaratodigital.com\/index.php?rest_route=%2Fwp%2Fv2%2Fproduct_brand&post=1625"},{"taxonomy":"product_cat","embeddable":true,"href":"https:\/\/quebaratodigital.com\/index.php?rest_route=%2Fwp%2Fv2%2Fproduct_cat&post=1625"},{"taxonomy":"product_tag","embeddable":true,"href":"https:\/\/quebaratodigital.com\/index.php?rest_route=%2Fwp%2Fv2%2Fproduct_tag&post=1625"}],"curies":[{"name":"wp","href":"https:\/\/api.w.org\/{rel}","templated":true}]}}