{"id":1647,"date":"2024-09-06T18:13:12","date_gmt":"2024-09-06T18:13:12","guid":{"rendered":"https:\/\/quebaratodigital.com\/?post_type=product&#038;p=1647"},"modified":"2026-02-01T23:53:34","modified_gmt":"2026-02-01T23:53:34","slug":"curso-proposito-lain-garcia-calvo","status":"publish","type":"product","link":"https:\/\/quebaratodigital.com\/?product=curso-proposito-lain-garcia-calvo","title":{"rendered":"Curso Prop\u00f3sito \u2013 Lain Garcia Calvo"},"content":{"rendered":"<p>El entrenamiento para conocerte a ti mismo, encontrar tu lugar en el mundo\u00a0 llevar tu <strong>SALUD, RELACIONES y ECONOM\u00cdA<\/strong>\u00a0a un nivel superior\ud83d\ude80<\/p>\n<p>&nbsp;<\/p>\n<p><strong>1- LA VISI\u00d3N DE UN PROP\u00d3SITO TE AYUDA A DORMIR BIEN Y TRANQUILO POR LAS NOCHES<\/strong><\/p>\n<p><strong>La VISI\u00d3N de un PROP\u00d3SITO que englobe las 3 \u00c1REAS MAESTRAS: SALUD, DINERO y AMOR hace que sepas que pieza colocar en cada momento, sabes qu\u00e9 pieza no poner y cu\u00e1l s\u00ed poner.<\/strong><\/p>\n<p>Imagina que en tu vida supieras en todo momento A QU\u00c9 LE TIENES QUE DECIR S\u00cd Y A QU\u00c9 LE TIENES QUE DECIR NO.<\/p>\n<p>\u00bfTe imaginas lo bien que dormir\u00edas por las noches sabiendo que has decidido bien?<\/p>\n<p>&nbsp;<\/p>\n<p><strong>2- TE DA CONFIANZA Y SEGURIDAD EN TI, TE AYUDA A CREER EN TI COMO NUNCA ANTES LO HICISTE<\/strong><\/p>\n<p>Las personas no conf\u00edan en ellas mismas principalmente porque no saben quienes son ni a d\u00f3nde van, entonces son vulnerables a las opiniones y deseos ajenos.<\/p>\n<p>Pero cuando t\u00fa sabes QUIEN ERES y A DONDE VAS, entonces ya nunca m\u00e1s dudar\u00e1s de ti, solo te ENFOCAR\u00c1S en alcanzar eso y las opiniones de los dem\u00e1s ya nunca m\u00e1s te alterar\u00e1n.<\/p>\n<p>Otras personas se sienten inferiores porque ven a otros con mayores logros, pero cuando sabes A DONDE VAS y LO QUE QUIERES, entonces DEJAR\u00c1S DE COMPARARTE porque sabes que ESA ES TU ESTRELLA y que ellos tienen la suya, pero t\u00fa SOLO PUEDES BRILLAR EN TU ESTRELLA y ellos en la suya.<\/p>\n<p>&nbsp;<\/p>\n<p><strong>3- DEJAR\u00c1S DE COMPETIR CON LOS DEM\u00c1S.\u00a0<\/strong>Cuando t\u00fa reconoces tu estrella, entonces comprendes que ese es tu lugar en el mundo, y que ya nadie m\u00e1s podr\u00e1 opacarte ni hacerte sombra.<\/p>\n<p><strong>En TU PROP\u00d3SITO NO HAY COMPETENCIA<\/strong>\u00a0ni te sientes inferior nunca m\u00e1s.<\/p>\n<p>\u27a1\ufe0fC\u00d3MO UN PROP\u00d3SITO TE DAR\u00c1 ABUNDANCIA EN TODA TU VIDA<\/p>\n<p>&nbsp;<\/p>\n<p><strong>Un PROP\u00d3SITO va a bendecir tus 3 \u00c1REAS MAESTRAS que son SALUD, DINERO y AMOR.<\/strong><\/p>\n<p>&nbsp;<\/p>\n<p>Antes de descubrir mi PROP\u00d3SITO me sent\u00eda cansado, sin ganas, me costaba despertarme por las ma\u00f1anas y sol\u00eda irme a dormir tarde viendo la televisi\u00f3n y tratando de distraerme de una vida que no ten\u00eda sentido.<\/p>\n<p>Pero cuando reconoc\u00ed y me dediqu\u00e9 a mi PROP\u00d3SITO, de pronto volvi\u00f3 la energ\u00eda, la vitalidad y el ENTUSIASMO por la vida, porque ten\u00eda algo que hacer, ten\u00eda mucho por aprender, y estaba muy ilusionado con la idea de impactar al mundo con ello.<\/p>\n<p><strong>\u00a1EL PROP\u00d3SITO TE DA ENERG\u00cdA,VITALIDAD Y ENTUSIASMO!<\/strong><\/p>\n","protected":false},"excerpt":{"rendered":"<p>El entrenamiento para conocerte a ti mismo, encontrar tu lugar en el mundo\u00a0 llevar tu <strong>SALUD, RELACIONES y ECONOM\u00cdA<\/strong>\u00a0a un nivel superior\ud83d\ude80<\/p>\n","protected":false},"featured_media":1648,"comment_status":"open","ping_status":"closed","template":"","meta":{"site-sidebar-layout":"default","site-content-layout":"default","ast-global-header-display":"","ast-main-header-display":"","ast-hfb-above-header-display":"","ast-hfb-below-header-display":"","ast-hfb-mobile-header-display":"","site-post-title":"","ast-breadcrumbs-content":"","ast-featured-img":"","footer-sml-layout":"","theme-transparent-header-meta":"default","adv-header-id-meta":"","stick-header-meta":"","header-above-stick-meta":"","header-main-stick-meta":"","header-below-stick-meta":"","_joinchat":[]},"product_brand":[],"product_cat":[23,29],"product_tag":[],"class_list":{"0":"post-1647","1":"product","2":"type-product","3":"status-publish","4":"has-post-thumbnail","6":"product_cat-cursos","7":"product_cat-desarrollo-personal","8":"desktop-align-left","9":"tablet-align-left","10":"mobile-align-left","12":"first","13":"instock","14":"sale","15":"downloadable","16":"shipping-taxable","17":"purchasable","18":"product-type-simple"},"_links":{"self":[{"href":"https:\/\/quebaratodigital.com\/index.php?rest_route=\/wp\/v2\/product\/1647","targetHints":{"allow":["GET"]}}],"collection":[{"href":"https:\/\/quebaratodigital.com\/index.php?rest_route=\/wp\/v2\/product"}],"about":[{"href":"https:\/\/quebaratodigital.com\/index.php?rest_route=\/wp\/v2\/types\/product"}],"replies":[{"embeddable":true,"href":"https:\/\/quebaratodigital.com\/index.php?rest_route=%2Fwp%2Fv2%2Fcomments&post=1647"}],"wp:featuredmedia":[{"embeddable":true,"href":"https:\/\/quebaratodigital.com\/index.php?rest_route=\/wp\/v2\/media\/1648"}],"wp:attachment":[{"href":"https:\/\/quebaratodigital.com\/index.php?rest_route=%2Fwp%2Fv2%2Fmedia&parent=1647"}],"wp:term":[{"taxonomy":"product_brand","embeddable":true,"href":"https:\/\/quebaratodigital.com\/index.php?rest_route=%2Fwp%2Fv2%2Fproduct_brand&post=1647"},{"taxonomy":"product_cat","embeddable":true,"href":"https:\/\/quebaratodigital.com\/index.php?rest_route=%2Fwp%2Fv2%2Fproduct_cat&post=1647"},{"taxonomy":"product_tag","embeddable":true,"href":"https:\/\/quebaratodigital.com\/index.php?rest_route=%2Fwp%2Fv2%2Fproduct_tag&post=1647"}],"curies":[{"name":"wp","href":"https:\/\/api.w.org\/{rel}","templated":true}]}}