{"id":1666,"date":"2024-10-24T17:04:01","date_gmt":"2024-10-24T17:04:01","guid":{"rendered":"https:\/\/quebaratodigital.com\/?post_type=product&#038;p=1666"},"modified":"2024-10-24T17:04:01","modified_gmt":"2024-10-24T17:04:01","slug":"tu-vida-en-expansion-juan-pablo-barahona-mindvalley","status":"publish","type":"product","link":"https:\/\/quebaratodigital.com\/?product=tu-vida-en-expansion-juan-pablo-barahona-mindvalley","title":{"rendered":"Tu vida en Expansi\u00f3n \u2013 Juan Pablo Barahona Mindvalley"},"content":{"rendered":"<p>Conecta con t\u00fa prop\u00f3sito de vida para expandir la abundancia, prosperidad y atraer la energ\u00eda del dinero a tu vida<\/p>\n<p>En solo 5 d\u00edas aprende paso a paso la metodolog\u00eda para descubrir tu prop\u00f3sito de vida, conectar con TU energ\u00eda del dinero, TU abundancia y MANIFESTAR con fluidez en r\u00e1pidas lecciones.<\/p>\n<div class=\"mv-container storyblok__outline\" data-blok-c=\"undefined\" data-blok-uid=\"undefined\">\n<div id=\"\" class=\"w-full text-center lg_w-2\/3 mx-auto storyblok__outline\" data-blok-c=\"undefined\" data-blok-uid=\"undefined\">\n<div class=\"pb-markdown mv-type--titlebold4 text-center mb-8 md_mb-12\">\n<h2>Esto es para ti si\u2026<\/h2>\n<\/div>\n<\/div>\n<\/div>\n<div id=\"\" class=\"mv-container storyblok__outline\" data-blok-c=\"undefined\" data-blok-uid=\"undefined\">\n<div class=\"pb-markdown lg_w-2\/3 mx-auto mv-type--titlebold8 mv-list__number --spacious\">\n<ol>\n<li>Sientes que no te alcanza el dinero para todos tus proyectos.\n<p class=\"mv-type--body\">Has hecho cursos, le\u00eddo libros, y por m\u00e1s que tratas, no logras llegar a ese estado de prosperidad en tu vida.<\/p>\n<\/li>\n<li>Tienes creencias subconscientes que te impiden conectar con t\u00fa prop\u00f3sito de vida y bloquean tu abundancia.\n<p class=\"mv-type--body\">A Juanpa le pasaba igual pero en el momento que conect\u00f3 con su prop\u00f3sito de vida pas\u00f3 de tener un peque\u00f1o negocio en Costa Rica su pa\u00eds natal a tener un negocio global, hoy en d\u00eda viaja a m\u00e1s de 20 pa\u00edses al a\u00f1o, feliz, y lo mejor es que no siente que est\u00e1 trabajando nunca.<\/p>\n<\/li>\n<li>Quieres reprogramar las creencias limitantes en tu mente y sistema nervioso sobre la abundancia.\n<p class=\"mv-type--body\">Entender\u00e1s por qu\u00e9 la mente se bloquea y c\u00f3mo est\u00e1 relacionada con el sistema nervioso, cuando reprogramas tu sistema nervioso de la manera correcta esa energ\u00eda de abundancia empieza a brotar.<\/p>\n<\/li>\n<li>Buscas algo m\u00e1s que un producto, buscas un m\u00e9todo probado que funcione.\n<p class=\"mv-type--body\">Despu\u00e9s de m\u00e1s de 20 a\u00f1os de trabajar con miles de personas en c\u00f3mo funciona la abundancia en el cuerpo f\u00edsico, en la mente, en las emociones y en la energ\u00eda, Juanpa desarroll\u00f3 este m\u00e9todo con en el cu\u00e1l aprender\u00e1s a reprogramar tu mente y tu sistema nervioso para vivir la vida de \u00e9xito y abundancia que siempre so\u00f1aste.<\/p>\n<\/li>\n<\/ol>\n<p>Tu vida en Expansi\u00f3n es un programa de 5 d\u00edas altamente probado.<\/p>\n<p>Ser\u00e1s guiado a trav\u00e9s de una serie de lecciones breves que han sido seleccionadas especialmente para brindarte una transformaci\u00f3n profunda y duradera en tan solo 5 d\u00edas.<\/p>\n<ul>\n<li>Mejorar\u00e1s tu relaci\u00f3n con el dinero.<\/li>\n<li>Desarrollar\u00e1s un sentido de abundancia y una mentalidad de \u00e9xito.<\/li>\n<li>Aprender\u00e1s a conectar con tu prop\u00f3sito de vida y a convertirte en una coincidencia energ\u00e9tica con tus deseos.<\/li>\n<li>Crear\u00e1s una conciencia del cuerpo energ\u00e9tico y de realizaci\u00f3n con tu vida y aprender\u00e1s a identificar las -creencias o patrones heredados que est\u00e1n bloqueando tu mentalidad de expansi\u00f3n y por lo tanto una vida de abundancia.<\/li>\n<\/ul>\n<h3>Cierra los ojos por un momento e imagina esto.<\/h3>\n<p>Al final de los 5 d\u00edas, tendr\u00e1s acceso a las mismas herramientas y estrategias que Juanpa utiliza con sus clientes alrededor del mundo para ayudarles a vivir una vida de prop\u00f3sito, abundancia y prosperidad.<\/p>\n<p>Te convertir\u00e1s en un genio de la abundancia y en un experto en conectar con tu prop\u00f3sito de vida de manera profunda y desde ah\u00ed permitir que broten cientos de ideas, de creatividad, dinero y regalos para compartir con la humanidad y empezar a vivir en verdadera vida de prosperidad.<\/p>\n<p>Recuerda que lo m\u00e1s importante no es cambiar los pensamientos, sino entrar a ese sistema profundo de creencias, reprogramar tu mente y tu sistema nervioso para vivir una vida exitosa.<\/p>\n<p>En resumen, tendr\u00e1s m\u00e1s claridad sobre tu prop\u00f3sito de vida que expandir\u00e1 tu capacidad de generar abundancia, dinero y \u00e9xito.<\/p>\n<p>Y todo lo que necesitas son unos 20 minutos al d\u00eda durante 5 d\u00edas.<\/p>\n<\/div>\n<\/div>\n","protected":false},"excerpt":{"rendered":"<div class=\"woocommerce-product-details__short-description\">\n<p>En solo 5 d\u00edas aprende paso a paso la metodolog\u00eda para descubrir tu prop\u00f3sito de vida, conectar con TU energ\u00eda del dinero, TU abundancia y MANIFESTAR con fluidez en r\u00e1pidas lecciones.<\/p>\n<\/div>\n<form class=\"cart\" action=\"https:\/\/miscursosvirtuales.com.co\/producto\/tu-vida-en-expansion-juan-pablo-barahona-mindvalley\/\" enctype=\"multipart\/form-data\" method=\"post\">\n<div class=\"quantity\"><\/div>\n<\/form>\n","protected":false},"featured_media":1667,"comment_status":"open","ping_status":"closed","template":"","meta":{"site-sidebar-layout":"default","site-content-layout":"default","ast-global-header-display":"","ast-main-header-display":"","ast-hfb-above-header-display":"","ast-hfb-below-header-display":"","ast-hfb-mobile-header-display":"","site-post-title":"","ast-breadcrumbs-content":"","ast-featured-img":"","footer-sml-layout":"","theme-transparent-header-meta":"default","adv-header-id-meta":"","stick-header-meta":"","header-above-stick-meta":"","header-main-stick-meta":"","header-below-stick-meta":"","_joinchat":[]},"product_brand":[],"product_cat":[23,22,29],"product_tag":[],"class_list":{"0":"post-1666","1":"product","2":"type-product","3":"status-publish","4":"has-post-thumbnail","6":"product_cat-cursos","7":"product_cat-cursos-mindvalley","8":"product_cat-desarrollo-personal","9":"desktop-align-left","10":"tablet-align-left","11":"mobile-align-left","13":"first","14":"instock","15":"sale","16":"downloadable","17":"shipping-taxable","18":"purchasable","19":"product-type-simple"},"_links":{"self":[{"href":"https:\/\/quebaratodigital.com\/index.php?rest_route=\/wp\/v2\/product\/1666","targetHints":{"allow":["GET"]}}],"collection":[{"href":"https:\/\/quebaratodigital.com\/index.php?rest_route=\/wp\/v2\/product"}],"about":[{"href":"https:\/\/quebaratodigital.com\/index.php?rest_route=\/wp\/v2\/types\/product"}],"replies":[{"embeddable":true,"href":"https:\/\/quebaratodigital.com\/index.php?rest_route=%2Fwp%2Fv2%2Fcomments&post=1666"}],"wp:featuredmedia":[{"embeddable":true,"href":"https:\/\/quebaratodigital.com\/index.php?rest_route=\/wp\/v2\/media\/1667"}],"wp:attachment":[{"href":"https:\/\/quebaratodigital.com\/index.php?rest_route=%2Fwp%2Fv2%2Fmedia&parent=1666"}],"wp:term":[{"taxonomy":"product_brand","embeddable":true,"href":"https:\/\/quebaratodigital.com\/index.php?rest_route=%2Fwp%2Fv2%2Fproduct_brand&post=1666"},{"taxonomy":"product_cat","embeddable":true,"href":"https:\/\/quebaratodigital.com\/index.php?rest_route=%2Fwp%2Fv2%2Fproduct_cat&post=1666"},{"taxonomy":"product_tag","embeddable":true,"href":"https:\/\/quebaratodigital.com\/index.php?rest_route=%2Fwp%2Fv2%2Fproduct_tag&post=1666"}],"curies":[{"name":"wp","href":"https:\/\/api.w.org\/{rel}","templated":true}]}}