{"id":1696,"date":"2024-10-25T01:07:17","date_gmt":"2024-10-25T01:07:17","guid":{"rendered":"https:\/\/quebaratodigital.com\/?post_type=product&#038;p=1696"},"modified":"2024-10-25T01:07:17","modified_gmt":"2024-10-25T01:07:17","slug":"mas-alla-del-ayuno-ronan-oliveira-mindvalley","status":"publish","type":"product","link":"https:\/\/quebaratodigital.com\/?product=mas-alla-del-ayuno-ronan-oliveira-mindvalley","title":{"rendered":"M\u00e1s all\u00e1 del ayuno Ronan Oliveira Mindvalley"},"content":{"rendered":"<div class=\"pb-markdown min-h-fit mv-type--titlebold8 storyblok__outline\" data-v-65686310=\"\" data-blok-c=\"undefined\" data-blok-uid=\"undefined\">\n<p>\u00bfBuscas la manera m\u00e1s f\u00e1cil y efectiva de optimizar tu salud y ponerte en forma?<\/p>\n<\/div>\n<div class=\"pb-markdown min-h-fit mv-type--body mt-4 storyblok__outline\" data-v-65686310=\"\" data-blok-c=\"undefined\" data-blok-uid=\"undefined\">\n<p>El ayuno intermitente se ha convertido en un fen\u00f3meno global en los \u00faltimos a\u00f1os.<\/p>\n<p>A diferencia de otras tendencias en salud o dietas, se ha comprobado rigurosamente que es una pr\u00e1ctica efectiva y accesible para casi todos.<\/p>\n<p>Sin embargo, si est\u00e1s ayunando como lo hace la mayor\u00eda de las personas, simplemente cambiando\u00a0<em>cu\u00e1ndo<\/em>\u00a0comes, entonces solo est\u00e1s ara\u00f1ando la superficie de lo que el ayuno realmente puede hacer por ti.<\/p>\n<p>Adem\u00e1s, es probable que te est\u00e9s exponiendo a algunas dificultades usuales, como hambre debilitante, falta de continuidad o resultados mediocres.<\/p>\n<p>Cuando ayunas de manera correcta, experimentas una transformaci\u00f3n total y continua de tu cuerpo y de tu mente.<\/p>\n<p>Esto incluye una vida con mejor salud, un metabolismo y sistema digestivo m\u00e1s saludables, peso corporal \u00f3ptimo e incluso una relaci\u00f3n renovada con la comida, el hambre y contigo mismo.<\/p>\n<p>Obt\u00e9n resultados que cambiar\u00e1n tu vida con \u201cM\u00e1s all\u00e1 del ayuno\u201d, un programa de 28 d\u00edas basado en ciencia que te abrir\u00e1 a toda la panoplia de beneficios del ayuno sin sufrir ni morir de hambre.<\/p>\n<p>&nbsp;<\/p>\n<\/div>\n<div id=\"\" class=\"w-full lg_w-2\/3 mx-auto mb-7 md_mb-9 min-h-fit storyblok__outline\" data-v-65686310=\"\" data-blok-c=\"undefined\" data-blok-uid=\"undefined\">\n<div class=\"pb-markdown min-h-fit mv-type--headline5 text-center storyblok__outline\" data-v-65686310=\"\" data-blok-c=\"undefined\" data-blok-uid=\"undefined\">\n<h3>Ayuna como nunca antes<\/h3>\n<p>&nbsp;<\/p>\n<\/div>\n<\/div>\n<div id=\"\" class=\"w-full lg_w-2\/3 mx-auto min-h-fit storyblok__outline\" data-v-65686310=\"\" data-blok-c=\"undefined\" data-blok-uid=\"undefined\">\n<div class=\"pb-markdown min-h-fit mv-type--body storyblok__outline\" data-v-65686310=\"\" data-blok-c=\"undefined\" data-blok-uid=\"undefined\">\n<p>El poder de \u201cM\u00e1s all\u00e1 del ayuno\u201d es que te recompensa con una transformaci\u00f3n por fuera y\u00a0<em>por dentro<\/em>\u00a0que va mucho m\u00e1s all\u00e1 del t\u00edpico m\u00e9todo de ayuno.<\/p>\n<p>La clave est\u00e1 en profundizar m\u00e1s que en simplemente cu\u00e1ndo comer (lo que hace la mayor\u00eda de la gente que ayuna) y descubrir qu\u00e9, c\u00f3mo, cu\u00e1nto e incluso\u00a0<em>por qu\u00e9<\/em>\u00a0comer.<\/p>\n<p>\u201cM\u00e1s all\u00e1 del ayuno\u201d combina la mejor informaci\u00f3n actual acerca de nutrici\u00f3n \u00f3ptima, biolog\u00eda, psicolog\u00eda y formaci\u00f3n de h\u00e1bitos para darte una transformaci\u00f3n duradera y sin sufrimiento.<\/p>\n<p>En tan solo 28 d\u00edas experimentar\u00e1s logros de salud y peso corporal, as\u00ed como una reprogramaci\u00f3n profunda en c\u00f3mo percibes y manejas el hambre, los antojos y las selecciones de alimentos en relaci\u00f3n con tus objetivos de bienestar personal.<\/p>\n<p>\u201cM\u00e1s all\u00e1 del ayuno\u201d no solo remodela tu cuerpo, sino tambi\u00e9n\u00a0<em>tu ser<\/em>.<\/p>\n<\/div>\n<\/div>\n","protected":false},"excerpt":{"rendered":"<div class=\"woocommerce-product-details__short-description\">\n<div class=\"elementor-element elementor-element-453c55b elementor-widget elementor-widget-heading\" data-id=\"453c55b\" data-element_type=\"widget\" data-widget_type=\"heading.default\">\n<div class=\"elementor-widget-container\"><strong>Pierde peso y grasa corporal, reprograma tu metabolismo y recupera tu salud f\u00e1cilmente con el ayuno intermitente, sin hambre ni dietas restrictivas.<\/strong><\/div>\n<\/div>\n<div class=\"elementor-element elementor-element-ddbc99e elementor-widget elementor-widget-text-editor\" data-id=\"ddbc99e\" data-element_type=\"widget\" data-widget_type=\"text-editor.default\">\n<div class=\"elementor-widget-container\">\n<div class=\"elementor-text-editor elementor-clearfix\">\n<div class=\"pb-markdown mv-type--titlebold5 md_text-center mb-8 md_mb-12\"><\/div>\n<\/div>\n<\/div>\n<\/div>\n<\/div>\n<form class=\"cart\" action=\"https:\/\/cursosdigitalex.com\/producto\/curso-mas-alla-del-ayuno-mindvalley\/\" enctype=\"multipart\/form-data\" method=\"post\">\n<div class=\"quantity\"><\/div>\n<\/form>\n","protected":false},"featured_media":1697,"comment_status":"open","ping_status":"closed","template":"","meta":{"site-sidebar-layout":"default","site-content-layout":"default","ast-global-header-display":"","ast-main-header-display":"","ast-hfb-above-header-display":"","ast-hfb-below-header-display":"","ast-hfb-mobile-header-display":"","site-post-title":"","ast-breadcrumbs-content":"","ast-featured-img":"","footer-sml-layout":"","theme-transparent-header-meta":"default","adv-header-id-meta":"","stick-header-meta":"","header-above-stick-meta":"","header-main-stick-meta":"","header-below-stick-meta":"","_joinchat":[]},"product_brand":[],"product_cat":[23,22],"product_tag":[],"class_list":{"0":"post-1696","1":"product","2":"type-product","3":"status-publish","4":"has-post-thumbnail","6":"product_cat-cursos","7":"product_cat-cursos-mindvalley","8":"desktop-align-left","9":"tablet-align-left","10":"mobile-align-left","12":"first","13":"instock","14":"sale","15":"downloadable","16":"shipping-taxable","17":"purchasable","18":"product-type-simple"},"_links":{"self":[{"href":"https:\/\/quebaratodigital.com\/index.php?rest_route=\/wp\/v2\/product\/1696","targetHints":{"allow":["GET"]}}],"collection":[{"href":"https:\/\/quebaratodigital.com\/index.php?rest_route=\/wp\/v2\/product"}],"about":[{"href":"https:\/\/quebaratodigital.com\/index.php?rest_route=\/wp\/v2\/types\/product"}],"replies":[{"embeddable":true,"href":"https:\/\/quebaratodigital.com\/index.php?rest_route=%2Fwp%2Fv2%2Fcomments&post=1696"}],"wp:featuredmedia":[{"embeddable":true,"href":"https:\/\/quebaratodigital.com\/index.php?rest_route=\/wp\/v2\/media\/1697"}],"wp:attachment":[{"href":"https:\/\/quebaratodigital.com\/index.php?rest_route=%2Fwp%2Fv2%2Fmedia&parent=1696"}],"wp:term":[{"taxonomy":"product_brand","embeddable":true,"href":"https:\/\/quebaratodigital.com\/index.php?rest_route=%2Fwp%2Fv2%2Fproduct_brand&post=1696"},{"taxonomy":"product_cat","embeddable":true,"href":"https:\/\/quebaratodigital.com\/index.php?rest_route=%2Fwp%2Fv2%2Fproduct_cat&post=1696"},{"taxonomy":"product_tag","embeddable":true,"href":"https:\/\/quebaratodigital.com\/index.php?rest_route=%2Fwp%2Fv2%2Fproduct_tag&post=1696"}],"curies":[{"name":"wp","href":"https:\/\/api.w.org\/{rel}","templated":true}]}}