{"id":1709,"date":"2024-10-25T01:54:21","date_gmt":"2024-10-25T01:54:21","guid":{"rendered":"https:\/\/quebaratodigital.com\/?post_type=product&#038;p=1709"},"modified":"2025-12-27T23:37:59","modified_gmt":"2025-12-27T23:37:59","slug":"curso-neo-rejuvenation-antonio-moll","status":"publish","type":"product","link":"https:\/\/quebaratodigital.com\/?product=curso-neo-rejuvenation-antonio-moll","title":{"rendered":"Curso Neo Rejuvenation \u2013 Antonio Moll"},"content":{"rendered":"<p>NeoRejuvenation es un revolucionario curso que te guiar\u00e1 en un viaje de transformaci\u00f3n f\u00edsica y bienestar desde una perspectiva \u00fanica: el subconsciente.<\/p>\n<p>&nbsp;<\/p>\n<p>Aprender\u00e1s un m\u00e9todo pr\u00e1ctico y exclusivo que aborda las ra\u00edces mismas del envejecimiento, de manera completamente natural y segura, prescindiendo de productos o aparatolog\u00eda.<\/p>\n<p>&nbsp;<\/p>\n<p>Descubre c\u00f3mo cambiar tu apariencia f\u00edsica y desbloquea las claves para mantener la juventud en este fascinante curso. \u00a1\u00danete a nosotros y comienza a escribir tu historia de rejuvenecimiento hoy mismo!<\/p>\n","protected":false},"excerpt":{"rendered":"<div class=\"et_pb_module et_pb_text et_pb_text_1  et_pb_text_align_left et_pb_bg_layout_light\">\n<div class=\"et_pb_text_inner\">\n<p><strong>NeoRejuvenation<\/strong>\u00a0es un\u00a0<strong>m\u00e9todo pr\u00e1ctico<\/strong>\u00a0para\u00a0<strong>revertir<\/strong>\u00a0de forma natural el\u00a0<strong>envejecimiento f\u00edsico<\/strong>\u00a0desde la ra\u00edz.<\/p>\n<p>&nbsp;<\/p>\n<\/div>\n<\/div>\n","protected":false},"featured_media":1710,"comment_status":"open","ping_status":"closed","template":"","meta":{"site-sidebar-layout":"default","site-content-layout":"default","ast-global-header-display":"","ast-main-header-display":"","ast-hfb-above-header-display":"","ast-hfb-below-header-display":"","ast-hfb-mobile-header-display":"","site-post-title":"","ast-breadcrumbs-content":"","ast-featured-img":"","footer-sml-layout":"","theme-transparent-header-meta":"default","adv-header-id-meta":"","stick-header-meta":"","header-above-stick-meta":"","header-main-stick-meta":"","header-below-stick-meta":"","_joinchat":[]},"product_brand":[],"product_cat":[23],"product_tag":[],"class_list":{"0":"post-1709","1":"product","2":"type-product","3":"status-publish","4":"has-post-thumbnail","6":"product_cat-cursos","7":"desktop-align-left","8":"tablet-align-left","9":"mobile-align-left","11":"first","12":"instock","13":"sale","14":"shipping-taxable","15":"purchasable","16":"product-type-simple"},"_links":{"self":[{"href":"https:\/\/quebaratodigital.com\/index.php?rest_route=\/wp\/v2\/product\/1709","targetHints":{"allow":["GET"]}}],"collection":[{"href":"https:\/\/quebaratodigital.com\/index.php?rest_route=\/wp\/v2\/product"}],"about":[{"href":"https:\/\/quebaratodigital.com\/index.php?rest_route=\/wp\/v2\/types\/product"}],"replies":[{"embeddable":true,"href":"https:\/\/quebaratodigital.com\/index.php?rest_route=%2Fwp%2Fv2%2Fcomments&post=1709"}],"wp:featuredmedia":[{"embeddable":true,"href":"https:\/\/quebaratodigital.com\/index.php?rest_route=\/wp\/v2\/media\/1710"}],"wp:attachment":[{"href":"https:\/\/quebaratodigital.com\/index.php?rest_route=%2Fwp%2Fv2%2Fmedia&parent=1709"}],"wp:term":[{"taxonomy":"product_brand","embeddable":true,"href":"https:\/\/quebaratodigital.com\/index.php?rest_route=%2Fwp%2Fv2%2Fproduct_brand&post=1709"},{"taxonomy":"product_cat","embeddable":true,"href":"https:\/\/quebaratodigital.com\/index.php?rest_route=%2Fwp%2Fv2%2Fproduct_cat&post=1709"},{"taxonomy":"product_tag","embeddable":true,"href":"https:\/\/quebaratodigital.com\/index.php?rest_route=%2Fwp%2Fv2%2Fproduct_tag&post=1709"}],"curies":[{"name":"wp","href":"https:\/\/api.w.org\/{rel}","templated":true}]}}