{"id":1715,"date":"2024-10-25T15:14:08","date_gmt":"2024-10-25T15:14:08","guid":{"rendered":"https:\/\/quebaratodigital.com\/?post_type=product&#038;p=1715"},"modified":"2024-10-25T15:14:08","modified_gmt":"2024-10-25T15:14:08","slug":"confianza-total-veronica-y-florencia-andres-mindvalley","status":"publish","type":"product","link":"https:\/\/quebaratodigital.com\/?product=confianza-total-veronica-y-florencia-andres-mindvalley","title":{"rendered":"Confianza total Veronica y Florencia Andres Mindvalley"},"content":{"rendered":"<section class=\"elementor-section elementor-top-section elementor-element elementor-element-971aa98 elementor-section-boxed elementor-section-height-default elementor-section-height-default\" data-id=\"971aa98\" data-element_type=\"section\">\n<div class=\"elementor-container elementor-column-gap-default\">\n<div class=\"elementor-column elementor-col-100 elementor-top-column elementor-element elementor-element-915eab0\" data-id=\"915eab0\" data-element_type=\"column\">\n<div class=\"elementor-widget-wrap elementor-element-populated\">\n<div class=\"elementor-element elementor-element-3b7e6c7 elementor-widget elementor-widget-heading\" data-id=\"3b7e6c7\" data-element_type=\"widget\" data-widget_type=\"heading.default\">\n<div class=\"elementor-widget-container\">\n<section class=\"elementor-section elementor-top-section elementor-element elementor-element-c6edf8e elementor-section-boxed elementor-section-height-default elementor-section-height-default\" data-id=\"c6edf8e\" data-element_type=\"section\">\n<div class=\"elementor-container elementor-column-gap-default\">\n<div class=\"elementor-column elementor-col-100 elementor-top-column elementor-element elementor-element-b56e118\" data-id=\"b56e118\" data-element_type=\"column\">\n<div class=\"elementor-widget-wrap elementor-element-populated\">\n<div class=\"elementor-element elementor-element-d71dbf1 elementor-widget elementor-widget-heading\" data-id=\"d71dbf1\" data-element_type=\"widget\" data-widget_type=\"heading.default\">\n<div class=\"elementor-widget-container\">\n<h2 class=\"elementor-heading-title elementor-size-default\">\u00bfQu\u00e9 es Confianza total de Veronica y Florencia Andres?<\/h2>\n<p>&nbsp;<\/p>\n<\/div>\n<\/div>\n<\/div>\n<\/div>\n<\/div>\n<\/section>\n<section class=\"elementor-section elementor-top-section elementor-element elementor-element-ce55a7e elementor-section-boxed elementor-section-height-default elementor-section-height-default\" data-id=\"ce55a7e\" data-element_type=\"section\" data-settings=\"{&quot;background_background&quot;:&quot;classic&quot;}\">\n<div class=\"elementor-container elementor-column-gap-default\">\n<div class=\"elementor-column elementor-col-100 elementor-top-column elementor-element elementor-element-c7ad7fb\" data-id=\"c7ad7fb\" data-element_type=\"column\">\n<div class=\"elementor-widget-wrap elementor-element-populated\">\n<div class=\"elementor-element elementor-element-40f75f6 elementor-widget elementor-widget-text-editor\" data-id=\"40f75f6\" data-element_type=\"widget\" data-widget_type=\"text-editor.default\">\n<div class=\"elementor-widget-container\">\n<p>Explora tu verdadero potencial, lib\u00e9rate de las creencias limitantes y desarrolla una fuente ilimitada de \u00e9xito Aprende a triunfar creyendo en ti mismo y a liberarte de las creencias limitantes que te impiden progresar, con esta simple gu\u00eda que activar\u00e1 tu Confianza Total<\/p>\n<p>&nbsp;<\/p>\n<p><strong>Confianza Total<\/strong>\u00a0es un Desaf\u00edo que acelerar\u00e1 tu crecimiento personal y profesional por medio de la reprogramaci\u00f3n de tu subconsciente. \u00danete a la comunidad que ya es parte de esta aventura y si\u00e9ntete m\u00e1s motivado, mientras superas los miedos y la ansiedad que trae vivir en un mundo impredecible.<\/p>\n<\/div>\n<\/div>\n<\/div>\n<\/div>\n<\/div>\n<\/section>\n<h2><\/h2>\n<h2><\/h2>\n<h2 class=\"elementor-heading-title elementor-size-default\" style=\"text-align: center;\">\u00bfQu\u00e9 aprender\u00e1s en Confianza total de Veronica y Florencia Andres?<\/h2>\n<p>&nbsp;<\/p>\n<\/div>\n<\/div>\n<\/div>\n<\/div>\n<\/div>\n<\/section>\n<section class=\"elementor-section elementor-top-section elementor-element elementor-element-71c7a09 elementor-section-boxed elementor-section-height-default elementor-section-height-default\" data-id=\"71c7a09\" data-element_type=\"section\" data-settings=\"{&quot;background_background&quot;:&quot;classic&quot;}\">\n<div class=\"elementor-container elementor-column-gap-default\">\n<div class=\"elementor-column elementor-col-100 elementor-top-column elementor-element elementor-element-ebf2f94\" data-id=\"ebf2f94\" data-element_type=\"column\">\n<div class=\"elementor-widget-wrap elementor-element-populated\">\n<div class=\"elementor-element elementor-element-709491d elementor-widget elementor-widget-text-editor\" data-id=\"709491d\" data-element_type=\"widget\" data-widget_type=\"text-editor.default\">\n<div class=\"elementor-widget-container\">\n<ol>\n<li>Transforma tus limitaciones en motivaciones\n<p class=\"mv-type--body\">Aprende c\u00f3mo anclar pensamientos positivos con tanta fuerza y con tanta determinaci\u00f3n que los cambios en tu vida se har\u00e1n evidentes casi de inmediato.<\/p>\n<\/li>\n<li>Convierte los momentos dif\u00edciles en oportunidades\n<p class=\"mv-type--body\">Te daremos un proceso con pasos concretos para descubrir c\u00f3mo atravesar los momentos dif\u00edciles y c\u00f3mo detectar el \u201cregalo\u201d que trae cada crisis.<\/p>\n<\/li>\n<li>Aprovechar el poder de tu mente\n<p class=\"mv-type--body\">Empezar\u00e1s por descubrir el incre\u00edble poder de tu mente y c\u00f3mo funciona tu subconsciente. Tambi\u00e9n aprender\u00e1s t\u00e9cnicas para convertir los cambios en procesos muy sencillos.<\/p>\n<\/li>\n<li>Las herramientas necesarias para tomar las riendas de tu vida\n<p class=\"mv-type--body\">Para deshacerte de todas las excusas y explicaciones que te impiden avanzar, y para alinear todas tus acciones en pos de tu misi\u00f3n y prop\u00f3sito de vida.<\/p>\n<\/li>\n<li>Descubre tu fuente ilimitada de autoconfianza\n<p class=\"mv-type--body\">Comprender\u00e1s c\u00f3mo tus pensamientos se materializan en la realidad a tu alrededor y c\u00f3mo utilizarlos a tu favor.<\/p>\n<\/li>\n<li>Una t\u00e9cnica poderosa para disolver la negatividad\n<p class=\"mv-type--body\">Los recuerdos negativos del pasado pueden ser una fuente de limitaciones. Aprende una t\u00e9cnica para que ellos no interfieran con tu presente.<\/p>\n<\/li>\n<li>Evita los 3 errores m\u00e1s comunes a la hora de enfrentar un desaf\u00edo o crisis.\n<p class=\"mv-type--body\">Y en el proceso, descubre una f\u00f3rmula de 4 pasos para ser m\u00e1s fuerte y resiliente.<\/p>\n<\/li>\n<li>Inteligencia emocional\n<p class=\"mv-type--body\">Aprende a potenciar tu proceso de toma de decisiones, aplicando m\u00e9todos de inteligencia emocional.<\/p>\n<\/li>\n<\/ol>\n<\/div>\n<\/div>\n<\/div>\n<\/div>\n<\/div>\n<\/section>\n","protected":false},"excerpt":{"rendered":"<section id=\"14\" class=\"pb-Container header min-h-fit mv-top__clean-text storyblok__outline\" data-name=\"Header\" data-blok-c=\"undefined\" data-blok-uid=\"undefined\">\n<div id=\"\" class=\"mv-container min-h-fit storyblok__outline\" data-v-65686310=\"\" data-blok-c=\"undefined\" data-blok-uid=\"undefined\">\n<div id=\"\" class=\"w-full lg_w-5\/6 text-center mx-auto min-h-fit storyblok__outline\" data-v-65686310=\"\" data-blok-c=\"undefined\" data-blok-uid=\"undefined\">\n<div class=\"pb-markdown min-h-fit mv-type--medbold-md mt-4 lg_mt-10 storyblok__outline\" data-v-65686310=\"\" data-blok-c=\"undefined\" data-blok-uid=\"undefined\">\n<h2>Aprende a triunfar creyendo en ti mismo, rompe creencias limitantes y alcanza el \u00e9xito ante la adversidad<\/h2>\n<\/div>\n<\/div>\n<div id=\"\" class=\"w-full lg_w-5\/6 xl_w-2\/3 mt-6 lg_mt-12 mx-auto min-h-fit storyblok__outline\" data-v-65686310=\"\" data-blok-c=\"undefined\" data-blok-uid=\"undefined\">\n<div data-v-b5aac44a=\"\" data-v-65686310=\"\">\n<div class=\"video-thumb videoWrapper rounded storyblok__outline lazyloaded\" data-v-b5aac44a=\"\" data-bgset=\"https:\/\/img.youtube.com\/vi\/nHnoGZDOwwk\/hqdefault.jpg\" data-blok-c=\"undefined\" data-blok-uid=\"undefined\"><\/div>\n<\/div>\n<\/div>\n<\/div>\n<\/section>\n<section id=\"15\" class=\"pb-Container statistics min-h-fit storyblok__outline\" data-name=\"Statistics\" data-blok-c=\"undefined\" data-blok-uid=\"undefined\">\n<div class=\"mt-14 min-h-fit\">\n<section id=\"69\" class=\"pb-Container statistics min-h-fit bg-grey-lighter storyblok__outline\" data-name=\"Statistics\" data-blok-c=\"undefined\" data-blok-uid=\"undefined\">\n<div id=\"\" class=\"mv-container py-6 md_py-10 min-h-fit storyblok__outline\" data-v-65686310=\"\" data-blok-c=\"undefined\" data-blok-uid=\"undefined\">\n<div id=\"\" class=\"mv-stats__3col w-full lg_w-5\/6 xl_w-2\/3 mx-auto min-h-fit storyblok__outline\" data-v-65686310=\"\" data-blok-c=\"undefined\" data-blok-uid=\"undefined\">\n<div class=\"w-full flex md_block min-h-fit storyblok__outline\" data-v-65686310=\"\" data-blok-c=\"undefined\" data-blok-uid=\"undefined\">\n<div class=\"flex flex-wrap md_justify-center items-center min-h-fit storyblok__outline\" data-v-65686310=\"\" data-blok-c=\"undefined\" data-blok-uid=\"undefined\"><\/div>\n<\/div>\n<\/div>\n<\/div>\n<\/section>\n<\/div>\n<\/section>\n","protected":false},"featured_media":1716,"comment_status":"open","ping_status":"closed","template":"","meta":{"site-sidebar-layout":"default","site-content-layout":"default","ast-global-header-display":"","ast-main-header-display":"","ast-hfb-above-header-display":"","ast-hfb-below-header-display":"","ast-hfb-mobile-header-display":"","site-post-title":"","ast-breadcrumbs-content":"","ast-featured-img":"","footer-sml-layout":"","theme-transparent-header-meta":"default","adv-header-id-meta":"","stick-header-meta":"","header-above-stick-meta":"","header-main-stick-meta":"","header-below-stick-meta":"","_joinchat":[]},"product_brand":[],"product_cat":[23,22],"product_tag":[],"class_list":{"0":"post-1715","1":"product","2":"type-product","3":"status-publish","4":"has-post-thumbnail","6":"product_cat-cursos","7":"product_cat-cursos-mindvalley","8":"desktop-align-left","9":"tablet-align-left","10":"mobile-align-left","12":"first","13":"instock","14":"sale","15":"downloadable","16":"shipping-taxable","17":"purchasable","18":"product-type-simple"},"_links":{"self":[{"href":"https:\/\/quebaratodigital.com\/index.php?rest_route=\/wp\/v2\/product\/1715","targetHints":{"allow":["GET"]}}],"collection":[{"href":"https:\/\/quebaratodigital.com\/index.php?rest_route=\/wp\/v2\/product"}],"about":[{"href":"https:\/\/quebaratodigital.com\/index.php?rest_route=\/wp\/v2\/types\/product"}],"replies":[{"embeddable":true,"href":"https:\/\/quebaratodigital.com\/index.php?rest_route=%2Fwp%2Fv2%2Fcomments&post=1715"}],"wp:featuredmedia":[{"embeddable":true,"href":"https:\/\/quebaratodigital.com\/index.php?rest_route=\/wp\/v2\/media\/1716"}],"wp:attachment":[{"href":"https:\/\/quebaratodigital.com\/index.php?rest_route=%2Fwp%2Fv2%2Fmedia&parent=1715"}],"wp:term":[{"taxonomy":"product_brand","embeddable":true,"href":"https:\/\/quebaratodigital.com\/index.php?rest_route=%2Fwp%2Fv2%2Fproduct_brand&post=1715"},{"taxonomy":"product_cat","embeddable":true,"href":"https:\/\/quebaratodigital.com\/index.php?rest_route=%2Fwp%2Fv2%2Fproduct_cat&post=1715"},{"taxonomy":"product_tag","embeddable":true,"href":"https:\/\/quebaratodigital.com\/index.php?rest_route=%2Fwp%2Fv2%2Fproduct_tag&post=1715"}],"curies":[{"name":"wp","href":"https:\/\/api.w.org\/{rel}","templated":true}]}}