{"id":1734,"date":"2025-01-09T17:32:23","date_gmt":"2025-01-09T17:32:23","guid":{"rendered":"https:\/\/quebaratodigital.com\/?post_type=product&#038;p=1734"},"modified":"2025-01-10T15:39:04","modified_gmt":"2025-01-10T15:39:04","slug":"saama-3-0-veturian-arana","status":"publish","type":"product","link":"https:\/\/quebaratodigital.com\/?product=saama-3-0-veturian-arana","title":{"rendered":"SAAMA 3.0 \u2013 Veturian Arana"},"content":{"rendered":"<p>SAAMA\u00ae 3.0 \u201cAbracadabra\u201d esta listo para aquellos Saamadores y Saamadoras que ya se han<br \/>\ncertificado con el 1.0 y el 2.0<\/p>\n<p>&nbsp;<\/p>\n<p>Con SAAMA\u00ae 3.0 entras a un mundo m\u00e1gico donde el aliento de tu palabra (intenci\u00f3n) tendr\u00e1 m\u00e1s fuerza que nunca.<\/p>\n<p>De hecho \u201cAbracadabra\u201d significa en hebreo \u201cIr\u00e9 creando conforme hable\u201d y en arameo viene a significar \u201cYo creo como hablo\u201d pero principalmente para nuestro ni\u00f1o interior significa \u00a1\u201cmagia\u201d!<\/p>\n<p>&nbsp;<\/p>\n<p>Si en cuando cursaste SAAMA 1.0 hubo un antes y un despu\u00e9s con un gran cambio de paradigma y manera de ver y vivir la vida, ahora en SAAMA 3.0 vas a experimentar otro cambio de paradigma que no te puedes ni imaginar!<\/p>\n<p>&nbsp;<\/p>\n<p>\u201cAbracadabra\u201d dejamos atr\u00e1s los temas materialistas y entramos de lleno en la sanaci\u00f3n basada en conceptos espirituales y nos movemos en un mundo donde sanar la Mente es la meta.<\/p>\n<p>&nbsp;<\/p>\n<p>Iremos de Norte a Sur y de Este a Oeste por los caminos que conforman al Ser para modificar dulcemente aquellas vibraciones en no-coherencia que permitan al cliente evolucionar hacia un bienestar pleno con el m\u00ednimo de sesiones y la m\u00e1xima efectividad.<\/p>\n<p>&nbsp;<\/p>\n<p>Aunque la influencia del Pensamiento Espiritual de UCDM es evidente en los tres niveles, en SAAMA\u00ae 3.0 Abracadabra es significativa.<br \/>\nTrabajamos desde el principio de que Todos somos Uno.<\/p>\n<p>&nbsp;<\/p>\n<p>\u00aeSAAMA 2.0 no desaparece como herramienta de trabajo, sino que colabora activamente en el 3.0, pues hay muchos clientes que a\u00fan necesitan de la informaci\u00f3n \u201csemi-l\u00f3gica\u201d que proporciona el 2.0<\/p>\n<p>&nbsp;<\/p>\n<p>As\u00ed como el 1.0 y el 2.0 llevan sus C\u00f3digos SAAMA\u00ae espec\u00edficos que se instalan cuando el alumno comienza la Formaci\u00f3n, el 3.0 lleva un C\u00f3digo que se instala y activa en la Gl\u00e1ndula Pineal dotando finalmente al alumno de la triada de C\u00f2digos de la medicina energ\u00e9tica del futuro que le van a abrir la puerta al modo terap\u00e9utico m\u00e1s avanzado en el mundo.<\/p>\n<p>Los Terapeutas certificados en SAAMA 3.0 \u201cAbracadabra\u201d obtienen su propio logotipo oficial que los sit\u00faa profesionalmente en lo m\u00e1s alto del eslab\u00f3n profesional. Tambi\u00e9n tienen acceso a su propia pagina cerrada en Facebook para terapeutas 3.0 y mantienen abierta la entrada a la pagina de Pr\u00e1cticas 2.0 y 1.0 adem\u00e1s de la p\u00e1gina cerrada Familia de Saamadores.<\/p>\n<p>&nbsp;<\/p>\n<h3><strong>La Formaci\u00f3n SAAMA 3.0 on-line:<\/strong><\/h3>\n<p><strong>TEMARIO<\/strong><\/p>\n<p>-Teor\u00eda de la Br\u00fajula y de los nuevos c\u00edrculos.<br \/>\n-Protocolo 3.0<br \/>\n-Protocolo del Punto de Encuentro Norte-Sur Superior y del Punto de Encuentro Norte-Sur Inferior.<br \/>\n-Protocolo \u00abRegalo\u00bb 3.0 Abracadabra.<\/p>\n<p><strong>EXPERIENCIA<\/strong><\/p>\n<p>-S\u00e9 Quien Soy, Soy Uno, Uno Es<br \/>\n-Un nuevo cambio de paradigma.<br \/>\n-Experimentar\u00e1s que realmente todos Somos Uno<br \/>\n-Fusi\u00f3n UCDM con SAAMA\u00ae.<\/p>\n<p><strong>INCLUYE<\/strong><\/p>\n<p>\u2013 9 v\u00eddeos con un total de 8h aprox. de las grabaciones de una formaci\u00f3n SAAMA 3.0 real, m\u00e1s videos de Veturi\u00e1n Arana con explicaciones adicionales.<br \/>\n-Los Manuales Te\u00f3ricos en PDF con toda la teor\u00eda y el Protocolo SAAMA\u00ae.<br \/>\nLa pr\u00e1ctica y todo el apoyo que necesitas para trabajar.<\/p>\n","protected":false},"excerpt":{"rendered":"<div class=\"woocommerce-product-details__short-description\">\n<p>SAAMA\u00ae 3.0 \u201cAbracadabra\u201d esta listo para aquellos Saamadores y Saamadoras que ya se han certificado con el 1.0 y el 2.0.<\/p>\n<\/div>\n<form class=\"cart\" action=\"https:\/\/miscursosvirtuales.com.co\/producto\/saama-3-0-veturian-arana\/\" enctype=\"multipart\/form-data\" method=\"post\">\n<div class=\"quantity\"><\/div>\n<\/form>\n","protected":false},"featured_media":1735,"comment_status":"open","ping_status":"closed","template":"","meta":{"site-sidebar-layout":"default","site-content-layout":"default","ast-global-header-display":"","ast-main-header-display":"","ast-hfb-above-header-display":"","ast-hfb-below-header-display":"","ast-hfb-mobile-header-display":"","site-post-title":"","ast-breadcrumbs-content":"","ast-featured-img":"","footer-sml-layout":"","theme-transparent-header-meta":"default","adv-header-id-meta":"","stick-header-meta":"","header-above-stick-meta":"","header-main-stick-meta":"","header-below-stick-meta":"","_joinchat":[]},"product_brand":[],"product_cat":[23,29],"product_tag":[],"class_list":{"0":"post-1734","1":"product","2":"type-product","3":"status-publish","4":"has-post-thumbnail","6":"product_cat-cursos","7":"product_cat-desarrollo-personal","8":"desktop-align-left","9":"tablet-align-left","10":"mobile-align-left","12":"first","13":"instock","14":"sale","15":"downloadable","16":"shipping-taxable","17":"purchasable","18":"product-type-simple"},"_links":{"self":[{"href":"https:\/\/quebaratodigital.com\/index.php?rest_route=\/wp\/v2\/product\/1734","targetHints":{"allow":["GET"]}}],"collection":[{"href":"https:\/\/quebaratodigital.com\/index.php?rest_route=\/wp\/v2\/product"}],"about":[{"href":"https:\/\/quebaratodigital.com\/index.php?rest_route=\/wp\/v2\/types\/product"}],"replies":[{"embeddable":true,"href":"https:\/\/quebaratodigital.com\/index.php?rest_route=%2Fwp%2Fv2%2Fcomments&post=1734"}],"wp:featuredmedia":[{"embeddable":true,"href":"https:\/\/quebaratodigital.com\/index.php?rest_route=\/wp\/v2\/media\/1735"}],"wp:attachment":[{"href":"https:\/\/quebaratodigital.com\/index.php?rest_route=%2Fwp%2Fv2%2Fmedia&parent=1734"}],"wp:term":[{"taxonomy":"product_brand","embeddable":true,"href":"https:\/\/quebaratodigital.com\/index.php?rest_route=%2Fwp%2Fv2%2Fproduct_brand&post=1734"},{"taxonomy":"product_cat","embeddable":true,"href":"https:\/\/quebaratodigital.com\/index.php?rest_route=%2Fwp%2Fv2%2Fproduct_cat&post=1734"},{"taxonomy":"product_tag","embeddable":true,"href":"https:\/\/quebaratodigital.com\/index.php?rest_route=%2Fwp%2Fv2%2Fproduct_tag&post=1734"}],"curies":[{"name":"wp","href":"https:\/\/api.w.org\/{rel}","templated":true}]}}