{"id":1803,"date":"2025-08-27T14:59:05","date_gmt":"2025-08-27T14:59:05","guid":{"rendered":"https:\/\/quebaratodigital.com\/?post_type=product&#038;p=1803"},"modified":"2025-08-27T15:01:23","modified_gmt":"2025-08-27T15:01:23","slug":"wildfit-eric-edmeades","status":"publish","type":"product","link":"https:\/\/quebaratodigital.com\/?product=wildfit-eric-edmeades","title":{"rendered":"WildFit Eric Edmeades"},"content":{"rendered":"<h2><em><strong>Transforma tu salud y condici\u00f3n f\u00edsica en solo 90 d\u00edas: sin dietas, ejercicios ni grandes cambios<\/strong><\/em><\/h2>\n<p>&nbsp;<\/p>\n<p>\u00danete al Desaf\u00edo WildFit, transforma por completo tu cuerpo y recupera tu mejor forma f\u00edsica y bienestar de forma permanente y natural.<\/p>\n<div class=\"pb-markdown mv-type--titlebold8\">\n<p>Si te sientes insatisfecho\/a con c\u00f3mo se sientes o c\u00f3mo te ves en el espejo:<\/p>\n<\/div>\n<div class=\"pb-markdown mv-type--body mt-4\">\n<p>\u00bfLlevas muchos a\u00f1os intentando perder peso?<\/p>\n<p>\u00bfLas dietas y los programas de ejercicio no te ayudan a conseguir los cambios permanentes que deseas?<\/p>\n<p>\u00bfEst\u00e1s luchando contra alguna enfermedad o dolencia que no desaparece?<\/p>\n<p>\u00bfSufres de envejecimiento prematuro, problemas en las articulaciones y el dolor no te permite disfrutar de la vida al m\u00e1ximo?<\/p>\n<p>Si te identificas con alguna de estas situaciones, sabr\u00e1s lo frustrante que es no encontrar una soluci\u00f3n definitiva.<\/p>\n<p>Millones de personas enfrentan la misma batalla, pero la batalla no es entre t\u00fa y tu cuerpo.<\/p>\n<p>&nbsp;<\/p>\n<p><strong>El problema radica en tu relaci\u00f3n con la comida.<\/strong><\/p>\n<p>Lo cierto es que tu dieta afecta casi todo lo que tu cuerpo experimenta a diario.<\/p>\n<p>Y contrario a la creencia popular, tu dieta engloba tanto lo que comes como lo que no comes.<\/p>\n<p>Pero desentra\u00f1ar el secreto para acabar con este problema es m\u00e1s f\u00e1cil de lo que crees\u2026<\/p>\n<p>Primero debes conocer\u00a0<strong>la verdad<\/strong>\u00a0acerca de la alimentaci\u00f3n saludable, algo que la industria diet\u00e9tica y de adelgazamiento convencional nunca te dir\u00e1.<\/p>\n<p>&nbsp;<\/p>\n<div id=\"\" class=\"mv-container items-start lg_items-center flex flex-wrap\">\n<div id=\"\" class=\"w-full lg_w-2\/3 mx-auto mb-7 md_mb-9\">\n<div class=\"pb-markdown mv-type--headline5 text-center\">\n<p>\u00bfY si te dijera que puedes transformar tu relaci\u00f3n con la comida y tu cuerpo para siempre, en solo 90 d\u00edas?<\/p>\n<\/div>\n<\/div>\n<div id=\"\" class=\"w-full lg_w-2\/3 mx-auto\">\n<div class=\"pb-markdown mv-type--body\">\n<p>Mucha gente cambia sus h\u00e1bitos alimentarios a corto plazo. Esto se conoce com\u00fanmente como dieta.<\/p>\n<p><strong>Pero las dietas modernas no funcionan.<\/strong>\u00a0Para obtener resultados duraderos que cambien tu vida, necesitas un sistema sencillo que cambie PARA SIEMPRE tus creencias, tu relaci\u00f3n con la comida y tus h\u00e1bitos nutricionales.<\/p>\n<p>&nbsp;<\/p>\n<p><strong>Una metodolog\u00eda de salud y nutrici\u00f3n<\/strong>\u00a0poderosa y efectiva, inspirada en la medicina evolutiva y funcional y en la antropolog\u00eda nutricional, que usa la psicolog\u00eda del comportamiento para crear cambios duraderos en la relaci\u00f3n de tu cerebro con la comida, incluyendo la respuesta a\u00a0<strong>los seis tipos de hambre humana.<\/strong><\/p>\n<p>&nbsp;<\/p>\n<p>Para que ning\u00fan anuncio o presi\u00f3n social te haga regresar a un r\u00e9gimen poco saludable. Este sistema aborda las cinco razones principales por las cuales nunca lograste los cambios que tu cuerpo tanto ans\u00eda. Te gu\u00eda paso a paso a trav\u00e9s de un sencillo proceso, para hacer cambios permanentes\u00a0<strong>sin volver a sentir hambre y manteniendo una sensaci\u00f3n de enorme libertad.<\/strong><\/p>\n<p>&nbsp;<\/p>\n<\/div>\n<\/div>\n<\/div>\n<div class=\"mv-container\">\n<div class=\"w-full text-center lg_w-2\/3 mx-auto\">\n<div class=\"pb-markdown mv-type--titlebold5 text-center mt-7 md_mt-12\">\n<p>WildFit: 90 d\u00edas para descubrir tu verdadero y m\u00e1s atractivo yo<\/p>\n<\/div>\n<\/div>\n<\/div>\n<section id=\"178\" class=\"pb-Container 41-what-youll-learn\" data-name=\"4.1 What You'll Learn\">\n<div id=\"\" class=\"mv-container mb-7 md_mt-9\">\n<div class=\"pb-markdown lg_w-2\/3 mx-auto mv-type--titlebold8 mv-list__number --spacious\">\n<p>Piensa que dentro de 90 d\u00edas podr\u00edas estar disfrutando de un cambio en tu salud y condici\u00f3n f\u00edsica tan dr\u00e1stico que te ver\u00e1s y te sentir\u00e1s como otra persona completamente distinta.<\/p>\n<p>Para eso est\u00e1 creado el programa WildFit.<\/p>\n<p>&nbsp;<\/p>\n<p>La gran mayor\u00eda de las personas que completa este programa observa cambios dr\u00e1sticos en su peso y salud. Todo gracias a los ocho ingredientes especiales:<\/p>\n<ol>\n<li>Los principios de una salud duradera\n<p class=\"mv-type--body\">WildFit es una metodolog\u00eda de salud basada en la nutrici\u00f3n Paleo, en la historia evolutiva y en las comunidades modernas de cazadores-recolectores. Un principio b\u00e1sico de WildFit es que \u00abcada ser vivo tiene su propia nutrici\u00f3n\u00bb, y que su salud y longevidad son un reflejo de cu\u00e1nto se ajusta a esa nutrici\u00f3n. Estos principios han existido desde hace al menos 5-6 millones de a\u00f1os.<\/p>\n<\/li>\n<li>La poderosa psicolog\u00eda del comportamiento\n<p class=\"mv-type--body\">El creador de WildFit, Eric Edmeades, ha sido orador profesional y mentor ejecutivo durante dos d\u00e9cadas. Es un profundo conocedor del comportamiento humano y sabe c\u00f3mo crear un cambio duradero en ti. La estructura de WildFit est\u00e1 basada en poderosas t\u00e9cnicas de psicolog\u00eda del comportamiento que te ayudan a implementar los cambios deseados de forma r\u00e1pida y sencilla.<\/p>\n<\/li>\n<li>Microaprendizaje para tus d\u00edas m\u00e1s ocupados\n<p class=\"mv-type--body\">La forma tradicional de tomar un curso es invertir en \u00e9l y estudiar 8-10 horas por tu cuenta, lo cual no provoca nada de compromiso ni motivaci\u00f3n. El Desaf\u00edo WildFit se encuentra en la plataforma de microaprendizaje de Mindvalley, que te permite cursar el programa junto a miles de estudiantes. Ya no necesitar\u00e1s encontrar el tiempo para un curso de 10 horas. Solo necesitar\u00e1s 10 minutos al d\u00eda durante 90 d\u00edas.<\/p>\n<\/li>\n<li>Sin pasar hambre, y sin necesidad de hacer ejercicio\n<p class=\"mv-type--body\">El programa WildFit est\u00e1 dise\u00f1ado cuidadosamente para que NO pases hambre. Tampoco requiere ejercicio. Este programa te ense\u00f1a equilibrio nutricional y a encaminar correctamente tu dieta, tus niveles de energ\u00eda y tu descanso para que, cuando est\u00e9s listo, puedas disfrutar de verdad al hacer ejercicio. Ya no lo temer\u00e1s como antes.<\/p>\n<\/li>\n<li>Dise\u00f1ado para dar resultados en 90 d\u00edas\n<p class=\"mv-type--body\">Muchas personas ya saben (o creen saber) qu\u00e9 comer y qu\u00e9 evitar para alcanzar sus objetivos de salud. El problema es que a menudo no logran cumplirlo. Se permiten excepciones\u2026 y esas excepciones se convierten lentamente en la norma. En cambio, la estructura s\u00f3lida de 90 d\u00edas del Desaf\u00edo WildFit logra crear una rutina el tiempo suficiente para lograr cambios duraderos.<\/p>\n<\/li>\n<li>Entrenamiento grupal y equipos de trabajo\n<p class=\"mv-type--body\">La alimentaci\u00f3n y la salud son juegos de equipo. Las personas tienden a adaptarse a la gente de su entorno. Pero para la mayor\u00eda, esto no ayuda en absoluto. En el programa WildFit podr\u00e1s pertenecer a un peque\u00f1o grupo para avanzar juntos y recibir apoyo en cada paso de este Desaf\u00edo. Este poderoso m\u00e9todo ayuda a nuestros estudiantes a obtener los mejores resultados posibles.<\/p>\n<\/li>\n<li>Conoce los 6 tipos de hambre humana\n<p class=\"mv-type--body\">La mayor\u00eda de las personas come de m\u00e1s o consume mucha m\u00e1s grasa de la necesaria. A menudo, ambas cosas a la vez. Adem\u00e1s, comen demasiado de unas cosas y no lo suficiente de otras. En el programa WildFit conocer\u00e1s LOS 6 TIPOS DE HAMBRE HUMANA para que puedas interpretar los mensajes de tu cuerpo y darle lo que en verdad necesita.<\/p>\n<\/li>\n<li>El programa WildFit no requiere productos especiales\n<p class=\"mv-type--body\">La comida org\u00e1nica y sana a veces es m\u00e1s cara, pero desde luego no necesitas comprar batidos especiales, suplementos ni nada m\u00e1s. Estamos firmemente en contra de los programas de dietas dise\u00f1ados para hacerte pagar extra por \u00abalimentos especiales\u00bb o \u00abbatidos energizantes\u00bb para completar tu dieta. En lugar de eso, cada semana ser\u00e1s m\u00e1s consciente de tu relaci\u00f3n con la comida. El programa WildFit genera un cambio esencial en tu cuerpo con un seguimiento incre\u00edble. No estar\u00e1s obligado a comprar nada m\u00e1s de WildFit.<\/p>\n<\/li>\n<\/ol>\n<p>&nbsp;<\/p>\n<div class=\"mv-container\">\n<div class=\"w-full text-center lg_w-2\/3 mx-auto\">\n<div class=\"pb-markdown mv-type--titlebold4 text-center mb-8 md_mb-12\">\n<h2 style=\"text-align: center;\">Lo que aprender\u00e1s<\/h2>\n<p>&nbsp;<\/p>\n<\/div>\n<\/div>\n<\/div>\n<div class=\"mv-container\">\n<div class=\"pb-markdown lg_w-2\/3 mx-auto mv-type--titlebold8 mv-list__number --spacious\">\n<ol>\n<li>Aumenta tu energ\u00eda:\n<p class=\"mv-type--body\">escubre c\u00f3mo unos pocos cambios en tu dieta y estilo de vida pueden sustituir el cansancio por energ\u00eda y vitalidad, para que puedas hacer m\u00e1s cosas y vivir seg\u00fan tus propias reglas.<\/p>\n<\/li>\n<li>Mejora tu salud y bienestar:\n<p class=\"mv-type--body\">aprende a usar los alimentos para potenciar tu salud, condici\u00f3n f\u00edsica y movilidad e incluso para mitigar los s\u00edntomas de varias enfermedades.<\/p>\n<\/li>\n<li>Fortalece tu sistema inmunol\u00f3gico:\n<p class=\"mv-type--body\">reduce dr\u00e1sticamente la frecuencia con la que te enfermas y mejora tus defensas comiendo alimentos completamente naturales y f\u00e1ciles de encontrar.<\/p>\n<\/li>\n<li>Disfruta de un sue\u00f1o m\u00e1s profundo:\n<p class=\"mv-type--body\">haz que tu cuerpo caiga en un sue\u00f1o tranquilo, profundo y reparador todas las noches, incluso si padeces insomnio o alg\u00fan otro trastorno del sue\u00f1o.<\/p>\n<\/li>\n<li>Mejora tus h\u00e1bitos alimentarios:\n<p class=\"mv-type--body\">Reprograma tus h\u00e1bitos alimentarios y tus antojos para que, en lugar de comer productos da\u00f1inos, te sientas atra\u00eddo hacia la comida que cura, nutre y llena de energ\u00eda.<\/p>\n<\/li>\n<li>Alcanza tu peso ideal:\n<p class=\"mv-type--body\">conoce una soluci\u00f3n natural y sostenible para perder esos kilos de m\u00e1s o ganar el peso que necesitas para tener el cuerpo que siempre quisiste.<\/p>\n<\/li>\n<li>Recupera tu juventud:\n<p class=\"mv-type--body\">revierte el envejecimiento prematuro, optimiza tu metabolismo, postura, flexibilidad y disminuye el tiempo de recuperaci\u00f3n de tu cuerpo despu\u00e9s del ejercicio, entre otros indicadores de un cuerpo joven.<\/p>\n<\/li>\n<li>Prolonga tu esperanza de vida:\n<p class=\"mv-type--body\">a\u00f1ade a\u00f1os e incluso d\u00e9cadas a tu esperanza de vida, gracias a nuestros principios de nutrici\u00f3n y estilo de vida que promueven una extraordinaria vitalidad y longevidad.<\/p>\n<\/li>\n<\/ol>\n<\/div>\n<p><img decoding=\"async\" src=\"https:\/\/storyblok-cdn.mindvalley.com\/f\/60579\/1728x900\/5a3fe34847\/wf_sp_devices_jointheprogram_es.jpg?trans?quality=75&amp;dpr=1&amp;width=752\" alt=\"WILDFIT on various devices\" \/><\/p>\n<\/div>\n<\/div>\n<\/div>\n<\/section>\n<\/div>\n","protected":false},"excerpt":{"rendered":"<p>Disfruta de una mejora garantizada en tus niveles de salud y condici\u00f3n f\u00edsica en 90 d\u00edas, sin dietas de moda, ejercicio ni cambios extraordinarios en tu estilo de vida.<\/p>\n","protected":false},"featured_media":1615,"comment_status":"open","ping_status":"closed","template":"","meta":{"site-sidebar-layout":"default","site-content-layout":"default","ast-global-header-display":"","ast-main-header-display":"","ast-hfb-above-header-display":"","ast-hfb-below-header-display":"","ast-hfb-mobile-header-display":"","site-post-title":"","ast-breadcrumbs-content":"","ast-featured-img":"","footer-sml-layout":"","theme-transparent-header-meta":"default","adv-header-id-meta":"","stick-header-meta":"","header-above-stick-meta":"","header-main-stick-meta":"","header-below-stick-meta":"","_joinchat":[]},"product_brand":[],"product_cat":[23,22],"product_tag":[],"class_list":{"0":"post-1803","1":"product","2":"type-product","3":"status-publish","4":"has-post-thumbnail","6":"product_cat-cursos","7":"product_cat-cursos-mindvalley","8":"desktop-align-left","9":"tablet-align-left","10":"mobile-align-left","12":"first","13":"instock","14":"sale","15":"downloadable","16":"shipping-taxable","17":"purchasable","18":"product-type-simple"},"_links":{"self":[{"href":"https:\/\/quebaratodigital.com\/index.php?rest_route=\/wp\/v2\/product\/1803","targetHints":{"allow":["GET"]}}],"collection":[{"href":"https:\/\/quebaratodigital.com\/index.php?rest_route=\/wp\/v2\/product"}],"about":[{"href":"https:\/\/quebaratodigital.com\/index.php?rest_route=\/wp\/v2\/types\/product"}],"replies":[{"embeddable":true,"href":"https:\/\/quebaratodigital.com\/index.php?rest_route=%2Fwp%2Fv2%2Fcomments&post=1803"}],"wp:featuredmedia":[{"embeddable":true,"href":"https:\/\/quebaratodigital.com\/index.php?rest_route=\/wp\/v2\/media\/1615"}],"wp:attachment":[{"href":"https:\/\/quebaratodigital.com\/index.php?rest_route=%2Fwp%2Fv2%2Fmedia&parent=1803"}],"wp:term":[{"taxonomy":"product_brand","embeddable":true,"href":"https:\/\/quebaratodigital.com\/index.php?rest_route=%2Fwp%2Fv2%2Fproduct_brand&post=1803"},{"taxonomy":"product_cat","embeddable":true,"href":"https:\/\/quebaratodigital.com\/index.php?rest_route=%2Fwp%2Fv2%2Fproduct_cat&post=1803"},{"taxonomy":"product_tag","embeddable":true,"href":"https:\/\/quebaratodigital.com\/index.php?rest_route=%2Fwp%2Fv2%2Fproduct_tag&post=1803"}],"curies":[{"name":"wp","href":"https:\/\/api.w.org\/{rel}","templated":true}]}}