{"id":1830,"date":"2025-10-25T23:36:03","date_gmt":"2025-10-25T23:36:03","guid":{"rendered":"https:\/\/quebaratodigital.com\/?post_type=product&#038;p=1830"},"modified":"2025-10-25T23:36:04","modified_gmt":"2025-10-25T23:36:04","slug":"lifebook-online-en-espanol-jon-butcher-y-missy-butcher","status":"publish","type":"product","link":"https:\/\/quebaratodigital.com\/?product=lifebook-online-en-espanol-jon-butcher-y-missy-butcher","title":{"rendered":"LifeBook Online En Espa\u00f1ol Jon Butcher  y Missy Butcher"},"content":{"rendered":"<p><strong>\u00bfY si este a\u00f1o nuevo tomaras la decisi\u00f3n de retomar las riendas de tu propia vida?<\/strong><\/p>\n<p>Sin tener que sacrificar lo que m\u00e1s quieres\u2026<\/p>\n<p>\u00bfO te est\u00e1s acomodando?<\/p>\n<p>ni tener que conformarte\u2026.<\/p>\n<p>ni tener que permitir que otras personas dicten tus sue\u00f1os y tu camino en la vida.<\/p>\n<p>Lo cierto es que, sea como sea tu vida actualmente, tienes ahora mismo el poder de convertirla en tu versi\u00f3n personal de una obra maestra.<\/p>\n<p>La obra maestra de una vida es una vida seg\u00fan tus propias condiciones; una vida donde tus sue\u00f1os y tu m\u00e1ximo potencial se cumplen de la manera m\u00e1s hermosa. Una vida que te enamore cada d\u00eda, y que cuando eches la vista atr\u00e1s dentro de varias d\u00e9cadas, pienses:<\/p>\n<p>\u00a1Guau!<\/p>\n<p>&nbsp;<\/p>\n<p>\u00bfY qu\u00e9 mejor \u00e9poca del a\u00f1o para regalarte a ti mismo este curso excepcional?<\/p>\n<p>Pero este tipo de vida no ocurre al azar. Requiere un proceso consciente que solo conoce un peque\u00f1o porcentaje de la gente de mayor \u00e9xito y realizaci\u00f3n del planeta.<\/p>\n<p>&nbsp;<\/p>\n<p>Lifebook te da este proceso paso a paso.<\/p>\n<p>Te da las llaves del \u00e9xito, abundancia, amor, crecimiento, bienestar y ese sentido de prop\u00f3sito que siempre so\u00f1aste.<\/p>\n<p>Te da el poder de dejar que la vida te suceda sin m\u00e1s, y de retomar t\u00fa las riendas.<\/p>\n<p>La pregunta m\u00e1s importante que puedes hacerte en tu vida<\/p>\n<p>&nbsp;<\/p>\n<p>El proceso de Lifebook comienza con la generaci\u00f3n de un profundo cambio de paradigma mediante una pregunta clave:<\/p>\n<p>&nbsp;<\/p>\n<p>\u201c\u00bfEs mi idea del \u00e9xito realmente m\u00eda? \u00bfO es una proyecci\u00f3n que me fue impuesta por la sociedad y las limitantes creencias con las que me han condicionado?\u201d<\/p>\n<p>&nbsp;<\/p>\n<p>Despu\u00e9s, los creadores de Lifebook, Jon y Missy Butcher, te guiar\u00e1n a trav\u00e9s de las 12 categor\u00edas clave de tu vida para que crees tu propio Lifebook: una herramienta completamente personalizada para guiarte hacia la mejor vida que puedas vivir.<\/p>\n<p>&nbsp;<\/p>\n<p>Al contrario que los m\u00e9todos tradicionales de establecimiento de metas, esta estrategia te mantiene motivado y alineado con las decisiones que te llevar\u00e1n a la mejor versi\u00f3n de ti.<\/p>\n<p>&nbsp;<\/p>\n<p>Como estudiante de Lifebook, siempre est\u00e1s conectado a la mejor visi\u00f3n de tu vida. Sabes exactamente por qu\u00e9 la quieres. Y cuentas con una estrategia para llegar ah\u00ed, con la menor resistencia posible.<\/p>\n<p>&nbsp;<\/p>\n<p><strong>Profundiza y obt\u00e9n claridad en las 12 \u00e1reas de tu vida<\/strong><br \/>\n<strong>Las 12 dimensiones de tu vida son la piedra angular de la experiencia Lifebook.<\/strong><\/p>\n<p>&nbsp;<\/p>\n<p>La mayor\u00eda de los programas de desarrollo personal se centran como mucho en unas pocas categor\u00edas, normalmente la carrera profesional, abundancia, salud y relaciones. Lifebook te lleva mucho m\u00e1s all\u00e1, hacia el n\u00facleo de tu verdadero ser, c\u00f3mo impactas al mundo y c\u00f3mo percibes la realidad.<\/p>\n<p>&nbsp;<\/p>\n<p>Con Lifebook aprender\u00e1s a fortalecer una a una las 12 categor\u00edas, y adem\u00e1s explorar\u00e1s las maneras sorprendentes y fundamentales en que estas se relacionan. Por ejemplo, si tienes un problema financiero, puede que la soluci\u00f3n no est\u00e9 en centrarse solo en tus finanzas o tu carrera, sino en tu vida intelectual, o incluso tu visi\u00f3n de vida.<\/p>\n<p>&nbsp;<\/p>\n<p>Con tu Lifebook, siempre sabr\u00e1s en qu\u00e9 \u00e1reas de tu vida debes centrarte en cada momento dado, y c\u00f3mo alcanzar un \u00e9xito extraordinario en cada una, sin tener que sacrificar o comprometer otras.<\/p>\n<p>&nbsp;<\/p>\n<h4>Una transformaci\u00f3n total de vida en solo 5 semanas<\/h4>\n<p>&nbsp;<\/p>\n<p>En solo 5 semanas, Lifebook Online te ayuda a darle forma al libro de tu vida: una estrategia personalizada que te gu\u00eda hacia un \u00e9xito extraordinario en las 12 categor\u00edas clave de tu vida.<\/p>\n<p>Conforme avanzas en este proceso, observar\u00e1s cambios profundos en tus pensamientos, creencias y calidad de vida. Por ejemplo, muchos alumnos de Lifebook experimentan:<\/p>\n<ul>\n<li>Una mayor sensaci\u00f3n de control en todas las \u00e1reas de sus vidas<\/li>\n<li>Mayor equilibrio entre su vida laboral y personal<\/li>\n<li>Entendimiento m\u00e1s profundo acerca de su Ser<\/li>\n<li>Mayor concentraci\u00f3n y productividad<\/li>\n<li>Relaciones m\u00e1s fuertes<\/li>\n<li>Mayor motivaci\u00f3n para cuidar su salud y condici\u00f3n f\u00edsica<\/li>\n<li>Mayor sentido de prop\u00f3sito<\/li>\n<li>Mentalidad m\u00e1s positiva sobre el dinero<\/li>\n<li>Mayor confianza y autoestima<\/li>\n<li>Y mucho m\u00e1s<\/li>\n<\/ul>\n","protected":false},"excerpt":{"rendered":"<p>Vive tu visi\u00f3n personal del \u00e9xito con Lifebook: el primer sistema de dise\u00f1o de estilo de vida del mundo Y se trata de conocer los pasos exactos a seguir, para convertir r\u00e1pidamente su visi\u00f3n de su mejor vida en su realidad.<\/p>\n","protected":false},"featured_media":1672,"comment_status":"open","ping_status":"closed","template":"","meta":{"site-sidebar-layout":"default","site-content-layout":"default","ast-global-header-display":"","ast-main-header-display":"","ast-hfb-above-header-display":"","ast-hfb-below-header-display":"","ast-hfb-mobile-header-display":"","site-post-title":"","ast-breadcrumbs-content":"","ast-featured-img":"","footer-sml-layout":"","theme-transparent-header-meta":"default","adv-header-id-meta":"","stick-header-meta":"","header-above-stick-meta":"","header-main-stick-meta":"","header-below-stick-meta":"","_joinchat":[]},"product_brand":[],"product_cat":[23,22],"product_tag":[],"class_list":{"0":"post-1830","1":"product","2":"type-product","3":"status-publish","4":"has-post-thumbnail","6":"product_cat-cursos","7":"product_cat-cursos-mindvalley","8":"desktop-align-left","9":"tablet-align-left","10":"mobile-align-left","12":"first","13":"instock","14":"sale","15":"downloadable","16":"shipping-taxable","17":"purchasable","18":"product-type-simple"},"_links":{"self":[{"href":"https:\/\/quebaratodigital.com\/index.php?rest_route=\/wp\/v2\/product\/1830","targetHints":{"allow":["GET"]}}],"collection":[{"href":"https:\/\/quebaratodigital.com\/index.php?rest_route=\/wp\/v2\/product"}],"about":[{"href":"https:\/\/quebaratodigital.com\/index.php?rest_route=\/wp\/v2\/types\/product"}],"replies":[{"embeddable":true,"href":"https:\/\/quebaratodigital.com\/index.php?rest_route=%2Fwp%2Fv2%2Fcomments&post=1830"}],"wp:featuredmedia":[{"embeddable":true,"href":"https:\/\/quebaratodigital.com\/index.php?rest_route=\/wp\/v2\/media\/1672"}],"wp:attachment":[{"href":"https:\/\/quebaratodigital.com\/index.php?rest_route=%2Fwp%2Fv2%2Fmedia&parent=1830"}],"wp:term":[{"taxonomy":"product_brand","embeddable":true,"href":"https:\/\/quebaratodigital.com\/index.php?rest_route=%2Fwp%2Fv2%2Fproduct_brand&post=1830"},{"taxonomy":"product_cat","embeddable":true,"href":"https:\/\/quebaratodigital.com\/index.php?rest_route=%2Fwp%2Fv2%2Fproduct_cat&post=1830"},{"taxonomy":"product_tag","embeddable":true,"href":"https:\/\/quebaratodigital.com\/index.php?rest_route=%2Fwp%2Fv2%2Fproduct_tag&post=1830"}],"curies":[{"name":"wp","href":"https:\/\/api.w.org\/{rel}","templated":true}]}}