{"id":1836,"date":"2025-11-21T16:06:14","date_gmt":"2025-11-21T16:06:14","guid":{"rendered":"https:\/\/quebaratodigital.com\/?post_type=product&#038;p=1836"},"modified":"2026-01-17T23:44:16","modified_gmt":"2026-01-17T23:44:16","slug":"cursos-pro-jimmy-naraine-y-vishen-mindvalley-espanol","status":"publish","type":"product","link":"https:\/\/quebaratodigital.com\/?product=cursos-pro-jimmy-naraine-y-vishen-mindvalley-espanol","title":{"rendered":"Cursos Pro Jimmy Naraine y Vishen Mindvalley Espa\u00f1ol"},"content":{"rendered":"<div class=\"pb-markdown min-h-fit mv-type--titlebold8 storyblok__outline\" data-v-65686310=\"\" data-blok-c=\"undefined\" data-blok-uid=\"undefined\">\n<h4 style=\"text-align: center;\"><span dir=\"auto\">Un programa para quienes desean compartir sus habilidades, conocimientos o mensaje y recibir una generosa recompensa por ello.<\/span><\/h4>\n<p>&nbsp;<\/p>\n<\/div>\n<div class=\"pb-markdown min-h-fit mv-type--body mt-4 storyblok__outline\" data-v-65686310=\"\" data-blok-c=\"undefined\" data-blok-uid=\"undefined\">\n<p><span dir=\"auto\">Si tienes un mensaje o conocimiento que compartir con el mundo, no hay mejor momento que ahora para hacer o\u00edr tu voz.<\/span><\/p>\n<p><span dir=\"auto\">Porque en una \u00e9poca en la que las matr\u00edculas universitarias est\u00e1n disminuyendo, la gente tiene m\u00e1s sed que nunca de nuevas habilidades y conocimientos r\u00e1pidos, y la tecnolog\u00eda educativa crece a\u00f1o tras a\u00f1o\u2026<\/span><\/p>\n<p><strong><span dir=\"auto\">Los cursos online<\/span><\/strong><span dir=\"auto\">\u00a0han hecho que crear una audiencia apasionada sea m\u00e1s f\u00e1cil y rentable que nunca. Consigue reconocimiento como experto l\u00edder. Y accede a una fuente de ingresos abundante, adem\u00e1s de la libertad de trabajar cuando y desde donde\u00a0<\/span><em><span dir=\"auto\">quieras<\/span><\/em><span dir=\"auto\">\u00a0.<\/span><\/p>\n<p>&nbsp;<\/p>\n<p><em><strong><span dir=\"auto\">\u00bfPodr\u00eda haber en ti un creador de cursos de talla mundial?<\/span><\/strong><\/em><\/p>\n<ul>\n<li><span dir=\"auto\">Tal vez hayas intentado crear un curso.<\/span><\/li>\n<li><span dir=\"auto\">Tal vez tengas una idea potencialmente brillante para una.<\/span><\/li>\n<li><span dir=\"auto\">O tal vez todav\u00eda te est\u00e9s preguntando si tienes la suficiente confianza y credibilidad como para siquiera intentarlo (spoiler:\u00a0<\/span><em><span dir=\"auto\">absolutamente s\u00ed<\/span><\/em><span dir=\"auto\">\u00a0).<\/span><\/li>\n<\/ul>\n<p>&nbsp;<\/p>\n<p><strong><span dir=\"auto\">No importa en qu\u00e9 etapa de tu trayectoria como creador te encuentres: el programa Course Pro te ofrece un sistema probado para crear cursos que generen un impacto transformador.<\/span><\/strong><\/p>\n<p>&nbsp;<\/p>\n<p><span dir=\"auto\">Y para crear una, no necesitas el talento ni el carisma de Hollywood. Ni equipos de grabaci\u00f3n caros. Ni siquiera necesitas ser una leyenda en tu campo.<\/span><\/p>\n<p><em><span dir=\"auto\">Lo \u00fanico que necesitas es el deseo de compartir\u2026 y un\u00a0<\/span><strong><span dir=\"auto\">sistema<\/span><\/strong><span dir=\"auto\">\u00a0probado .<\/span><\/em><\/p>\n<p><span dir=\"auto\">En Course Pro, tendr\u00e1s acceso al sistema exacto que Mindvalley utiliza para crear nuestros programas de excelencia, usados \u200b\u200bpor millones de personas en todo el mundo. Un sistema que Jimmy Naraine ha perfeccionado hasta convertirse en uno de los principales expertos mundiales en creaci\u00f3n de cursos, mientras trabaja como emprendedor independiente por todo el planeta.<\/span><\/p>\n<p>&nbsp;<\/p>\n<p><span dir=\"auto\">Por primera vez, te llevamos detr\u00e1s de escena para mostrarte exactamente c\u00f3mo se crean los mejores cursos de hoy en d\u00eda: y c\u00f3mo t\u00fa tambi\u00e9n puedes crear tu propio curso superventas que mejore innumerables vidas, incluida la tuya.<\/span><\/p>\n<\/div>\n<p><img decoding=\"async\" src=\"https:\/\/storyblok-cdn.mindvalley.com\/f\/60579\/2068x1110\/0e067ad011\/cp_sp_devices_curriculum.png?quality=60&amp;auto=webp&amp;dpr=0.800000011920929&amp;width=800\" alt=\"Course Pro en varios dispositivos\" \/><\/p>\n<p>&nbsp;<\/p>\n<p><span dir=\"auto\">Course Pro es un programa en l\u00ednea que te gu\u00eda a trav\u00e9s de cada paso del sistema probado de Vishen y Jimmy Naraine para crear cursos en l\u00ednea superventas.<\/span><\/p>\n<p><span dir=\"auto\">Durante 27 d\u00edas, te unir\u00e1s a Vishen y Jimmy en lecciones diarias en v\u00eddeo f\u00e1ciles de seguir que te equipar\u00e1n con las herramientas, los marcos de trabajo, las estrategias e incluso los cambios de identidad que necesitas para crear un curso de clase mundial.<\/span><\/p>\n<p><span dir=\"auto\">Este programa est\u00e1 al alcance de cualquiera que tenga un mensaje que compartir. No necesitas equipos sofisticados ni un estudio costoso. Tampoco necesitas experiencia previa en docencia o creaci\u00f3n de cursos.<\/span><\/p>\n<p><span dir=\"auto\">Y al final, habr\u00e1s adquirido las habilidades y la mentalidad necesarias para crear, publicar y promocionar tu curso online m\u00e1s vendido en tiempo r\u00e9cord.<\/span><\/p>\n<p>&nbsp;<\/p>\n<p>&nbsp;<\/p>\n<div class=\"w-full lg_w-2\/3 mx-auto mb-7 md_mb-9 min-h-fit storyblok__outline\" data-v-65686310=\"\" data-blok-c=\"undefined\" data-blok-uid=\"undefined\">\n<div class=\"pb-markdown min-h-fit mv-type--titlebold5 text-center storyblok__outline\" data-v-65686310=\"\" data-blok-c=\"undefined\" data-blok-uid=\"undefined\">\n<h3 style=\"text-align: center;\"><span dir=\"auto\">Aprende los secretos de la creaci\u00f3n de cursos de la mano de quienes crean los mejores cursos del mundo.<\/span><\/h3>\n<p>&nbsp;<\/p>\n<\/div>\n<\/div>\n<div id=\"\" class=\"w-full lg_w-2\/3 mx-auto min-h-fit storyblok__outline\" data-v-65686310=\"\" data-blok-c=\"undefined\" data-blok-uid=\"undefined\">\n<div class=\"pb-markdown min-h-fit mv-type--body storyblok__outline\" data-v-65686310=\"\" data-blok-c=\"undefined\" data-blok-uid=\"undefined\">\n<p><span dir=\"auto\">Vishen y Jimmy son los creadores de muchos de los cursos mejor valorados y m\u00e1s vendidos de la actualidad: y en Course Pro, te guiamos paso a paso en c\u00f3mo lo hacen.<\/span><\/p>\n<p><strong><span dir=\"auto\">En primer lugar<\/span><\/strong><span dir=\"auto\">\u00a0, te sientes fortalecido con la confianza y la mentalidad que necesitas para dar rienda suelta a tu singularidad y mostrarte tal como eres, incluso si tu \u00fanica experiencia frente a la c\u00e1mara es enviar mensajes de cumplea\u00f1os.<\/span><\/p>\n<p><strong><span dir=\"auto\">En segundo lugar<\/span><\/strong><span dir=\"auto\">\u00a0, profundizas en la arquitectura de un curso transformador e imposible de dejar que tus alumnos consumir\u00e1n sin esfuerzo de principio a fin.<\/span><\/p>\n<p><strong><span dir=\"auto\">En tercer lugar<\/span><\/strong><span dir=\"auto\">\u00a0, aprender\u00e1 a trabajar con v\u00eddeo, audio y otras herramientas multimedia de f\u00e1cil acceso para producir un curso fascinante y de alta calidad con un presupuesto sorprendentemente bajo.<\/span><\/p>\n<p><strong><span dir=\"auto\">En cuarto lugar<\/span><\/strong><span dir=\"auto\">\u00a0, cuentas con estrategias de marketing y promoci\u00f3n probadas que elevan tu curso muy por encima de la competencia y maximizan su alcance e ingresos.<\/span><\/p>\n<p><span dir=\"auto\">Tanto si buscas un avance profesional, mayor experiencia e influencia en tu campo, como si buscas una carrera y una fuente de ingresos completamente nuevas como creador, Course Pro es una puerta de entrada para alcanzar tu m\u00e1ximo potencial e impacto.<\/span><\/p>\n<\/div>\n<\/div>\n","protected":false},"excerpt":{"rendered":"<div class=\"pb-markdown min-h-fit mv-type--titlebold3 storyblok__outline\" data-v-65686310=\"\" data-blok-c=\"undefined\" data-blok-uid=\"undefined\">\n<h5><span dir=\"auto\">Crea cursos online que transformen, vendan y generen impacto con Vishen, fundador de Mindvalley, y Jimmy Naraine, instructor destacado de Udemy.<\/span><\/h5>\n<\/div>\n<div class=\"pb-markdown min-h-fit mv-type--title5 storyblok__outline\" data-v-65686310=\"\" data-blok-c=\"undefined\" data-blok-uid=\"undefined\">27 lecciones<\/div>\n","protected":false},"featured_media":1841,"comment_status":"open","ping_status":"closed","template":"","meta":{"site-sidebar-layout":"default","site-content-layout":"default","ast-global-header-display":"","ast-main-header-display":"","ast-hfb-above-header-display":"","ast-hfb-below-header-display":"","ast-hfb-mobile-header-display":"","site-post-title":"","ast-breadcrumbs-content":"","ast-featured-img":"","footer-sml-layout":"","theme-transparent-header-meta":"default","adv-header-id-meta":"","stick-header-meta":"","header-above-stick-meta":"","header-main-stick-meta":"","header-below-stick-meta":"","_joinchat":[]},"product_brand":[],"product_cat":[23,22],"product_tag":[],"class_list":{"0":"post-1836","1":"product","2":"type-product","3":"status-publish","4":"has-post-thumbnail","6":"product_cat-cursos","7":"product_cat-cursos-mindvalley","8":"desktop-align-left","9":"tablet-align-left","10":"mobile-align-left","12":"first","13":"instock","14":"sale","15":"downloadable","16":"shipping-taxable","17":"purchasable","18":"product-type-simple"},"_links":{"self":[{"href":"https:\/\/quebaratodigital.com\/index.php?rest_route=\/wp\/v2\/product\/1836","targetHints":{"allow":["GET"]}}],"collection":[{"href":"https:\/\/quebaratodigital.com\/index.php?rest_route=\/wp\/v2\/product"}],"about":[{"href":"https:\/\/quebaratodigital.com\/index.php?rest_route=\/wp\/v2\/types\/product"}],"replies":[{"embeddable":true,"href":"https:\/\/quebaratodigital.com\/index.php?rest_route=%2Fwp%2Fv2%2Fcomments&post=1836"}],"wp:featuredmedia":[{"embeddable":true,"href":"https:\/\/quebaratodigital.com\/index.php?rest_route=\/wp\/v2\/media\/1841"}],"wp:attachment":[{"href":"https:\/\/quebaratodigital.com\/index.php?rest_route=%2Fwp%2Fv2%2Fmedia&parent=1836"}],"wp:term":[{"taxonomy":"product_brand","embeddable":true,"href":"https:\/\/quebaratodigital.com\/index.php?rest_route=%2Fwp%2Fv2%2Fproduct_brand&post=1836"},{"taxonomy":"product_cat","embeddable":true,"href":"https:\/\/quebaratodigital.com\/index.php?rest_route=%2Fwp%2Fv2%2Fproduct_cat&post=1836"},{"taxonomy":"product_tag","embeddable":true,"href":"https:\/\/quebaratodigital.com\/index.php?rest_route=%2Fwp%2Fv2%2Fproduct_tag&post=1836"}],"curies":[{"name":"wp","href":"https:\/\/api.w.org\/{rel}","templated":true}]}}