{"id":1925,"date":"2026-03-14T22:55:25","date_gmt":"2026-03-14T22:55:25","guid":{"rendered":"https:\/\/quebaratodigital.com\/?post_type=product&#038;p=1925"},"modified":"2026-03-14T22:55:25","modified_gmt":"2026-03-14T22:55:25","slug":"mentoria-imperio-digital-coral-mujaes","status":"publish","type":"product","link":"https:\/\/quebaratodigital.com\/?product=mentoria-imperio-digital-coral-mujaes","title":{"rendered":"Mentor\u00eda Imperio Digital &#8211; Coral Mujaes"},"content":{"rendered":"<div class=\"elementor-element elementor-element-b660b0f premium-title-color elementor-widget elementor-widget-premium-addon-title\" data-id=\"b660b0f\" data-element_type=\"widget\" data-e-type=\"widget\" data-widget_type=\"premium-addon-title.default\">\n<div class=\"elementor-widget-container\">\n<div class=\"premium-title-container style1\">\n<h2 class=\"premium-title-header premium-title-style1\"><span class=\"premium-title-text\">\u00bfQu\u00e9 aprender\u00e1s en Mentoria Imperio Digital de Coral Mujaes?<\/span><\/h2>\n<\/div>\n<\/div>\n<\/div>\n<section class=\"elementor-section elementor-inner-section elementor-element elementor-element-0837d40 elementor-section-boxed elementor-section-height-default elementor-section-height-default\" data-id=\"0837d40\" data-element_type=\"section\" data-e-type=\"section\" data-settings=\"{&quot;jet_parallax_layout_list&quot;:[]}\">\n<div class=\"elementor-container elementor-column-gap-default\">\n<div class=\"elementor-column elementor-col-100 elementor-inner-column elementor-element elementor-element-024b031\" data-id=\"024b031\" data-element_type=\"column\" data-e-type=\"column\">\n<div class=\"elementor-widget-wrap elementor-element-populated\">\n<div class=\"elementor-element elementor-element-b13c974 elementor-align-start elementor-icon-list--layout-traditional elementor-list-item-link-full_width elementor-widget elementor-widget-icon-list\" data-id=\"b13c974\" data-element_type=\"widget\" data-e-type=\"widget\" data-widget_type=\"icon-list.default\">\n<div class=\"elementor-widget-container\">\n<ul class=\"elementor-icon-list-items\">\n<li class=\"elementor-icon-list-item\"><span class=\"elementor-icon-list-text\"><i class=\"fa fa-check\" aria-hidden=\"true\"><\/i>\u00a0Construir un negocio digital ordenado.<\/span><\/li>\n<li class=\"elementor-icon-list-item\"><span class=\"elementor-icon-list-text\"><i class=\"fa fa-check\" aria-hidden=\"true\"><\/i>\u00a0Escalar ingresos con sistemas claros.<\/span><\/li>\n<li class=\"elementor-icon-list-item\"><span class=\"elementor-icon-list-text\"><i class=\"fa fa-check\" aria-hidden=\"true\"><\/i>\u00a0Tomar decisiones estrat\u00e9gicas.<\/span><\/li>\n<\/ul>\n<div class=\"elementor-element elementor-element-1fd3b23 premium-title-color elementor-widget elementor-widget-premium-addon-title\" data-id=\"1fd3b23\" data-element_type=\"widget\" data-e-type=\"widget\" data-widget_type=\"premium-addon-title.default\">\n<div class=\"elementor-widget-container\">\n<div class=\"premium-title-container style1\">\n<h2 class=\"premium-title-header premium-title-style1\"><span class=\"premium-title-text\">\u00bfQu\u00e9 es Mentoria Imperio Digital de Coral Mujaes?<\/span><\/h2>\n<\/div>\n<\/div>\n<\/div>\n<div class=\"elementor-element elementor-element-37ba0f01 elementor-widget elementor-widget-woocommerce-product-content\" data-id=\"37ba0f01\" data-element_type=\"widget\" data-e-type=\"widget\" data-widget_type=\"woocommerce-product-content.default\">\n<div class=\"elementor-widget-container\">\n<h2>Con el\u00a0<strong>Curso Mentoria Imperio Digital de coral mujaes<\/strong><\/h2>\n<p>&nbsp;<\/p>\n<h3>Constru\u00ed un negocio digital s\u00f3lido, rentable y escalable\u00a0<img decoding=\"async\" class=\"emoji\" role=\"img\" draggable=\"false\" src=\"https:\/\/s.w.org\/images\/core\/emoji\/17.0.2\/svg\/1f680.svg\" alt=\"\ud83d\ude80\" \/><img decoding=\"async\" class=\"emoji\" role=\"img\" draggable=\"false\" src=\"https:\/\/s.w.org\/images\/core\/emoji\/17.0.2\/svg\/1f4bb.svg\" alt=\"\ud83d\udcbb\" \/><\/h3>\n<p>&nbsp;<\/p>\n<p data-start=\"262\" data-end=\"524\">La\u00a0<strong data-start=\"265\" data-end=\"293\">Mentor\u00eda Imperio Digital<\/strong>\u00a0de\u00a0<strong data-start=\"297\" data-end=\"313\">Coral Mujaes<\/strong>\u00a0es un programa de acompa\u00f1amiento estrat\u00e9gico dise\u00f1ado para emprendedores que desean crear, estructurar y escalar un negocio digital real, con procesos claros y una mentalidad enfocada en resultados sostenibles.<\/p>\n<p data-start=\"262\" data-end=\"524\">\n<p data-start=\"526\" data-end=\"763\">Esta mentor\u00eda no se basa en teor\u00eda vac\u00eda ni promesas irreales. Es un entrenamiento pr\u00e1ctico que te gu\u00eda paso a paso para construir un sistema de ingresos online, alineado con tus objetivos, tu visi\u00f3n y el estilo de vida que quer\u00e9s crear.<\/p>\n<p data-start=\"526\" data-end=\"763\">\n<h3 data-start=\"765\" data-end=\"813\">\u00bfDe qu\u00e9 trata la Mentor\u00eda Imperio Digital?<\/h3>\n<p data-start=\"814\" data-end=\"1068\">La Mentor\u00eda Imperio Digital combina estrategia, mentalidad y acci\u00f3n. Coral Mujaes te ense\u00f1a c\u00f3mo estructurar tu negocio digital desde los cimientos, definir ofertas claras, atraer clientes de forma constante y escalar sin perder el control ni el enfoque.<\/p>\n<p data-start=\"1070\" data-end=\"1290\">Aprender\u00e1s a trabajar con sistemas, a tomar decisiones estrat\u00e9gicas y a dejar de improvisar en tu emprendimiento. El objetivo es que construyas un negocio que crezca de forma ordenada, rentable y sostenible en el tiempo.<\/p>\n<\/div>\n<\/div>\n<\/div>\n<\/div>\n<\/div>\n<\/div>\n<\/div>\n<\/section>\n","protected":false},"excerpt":{"rendered":"<p data-start=\"286\" data-end=\"543\">Mentor\u00eda Imperio Digital de Coral Mujaes es un programa de acompa\u00f1amiento estrat\u00e9gico dise\u00f1ado para emprendedoras que desean crear, estructurar y escalar un negocio digital real, rentable y sostenible, sin improvisar ni depender \u00fanicamente de la motivaci\u00f3n.<\/p>\n","protected":false},"featured_media":1930,"comment_status":"open","ping_status":"closed","template":"","meta":{"site-sidebar-layout":"default","site-content-layout":"default","ast-global-header-display":"","ast-main-header-display":"","ast-hfb-above-header-display":"","ast-hfb-below-header-display":"","ast-hfb-mobile-header-display":"","site-post-title":"","ast-breadcrumbs-content":"","ast-featured-img":"","footer-sml-layout":"","theme-transparent-header-meta":"default","adv-header-id-meta":"","stick-header-meta":"","header-above-stick-meta":"","header-main-stick-meta":"","header-below-stick-meta":"","_joinchat":[]},"product_brand":[],"product_cat":[23],"product_tag":[],"class_list":{"0":"post-1925","1":"product","2":"type-product","3":"status-publish","4":"has-post-thumbnail","6":"product_cat-cursos","7":"desktop-align-left","8":"tablet-align-left","9":"mobile-align-left","11":"first","12":"instock","13":"downloadable","14":"shipping-taxable","15":"purchasable","16":"product-type-simple"},"_links":{"self":[{"href":"https:\/\/quebaratodigital.com\/index.php?rest_route=\/wp\/v2\/product\/1925","targetHints":{"allow":["GET"]}}],"collection":[{"href":"https:\/\/quebaratodigital.com\/index.php?rest_route=\/wp\/v2\/product"}],"about":[{"href":"https:\/\/quebaratodigital.com\/index.php?rest_route=\/wp\/v2\/types\/product"}],"replies":[{"embeddable":true,"href":"https:\/\/quebaratodigital.com\/index.php?rest_route=%2Fwp%2Fv2%2Fcomments&post=1925"}],"wp:featuredmedia":[{"embeddable":true,"href":"https:\/\/quebaratodigital.com\/index.php?rest_route=\/wp\/v2\/media\/1930"}],"wp:attachment":[{"href":"https:\/\/quebaratodigital.com\/index.php?rest_route=%2Fwp%2Fv2%2Fmedia&parent=1925"}],"wp:term":[{"taxonomy":"product_brand","embeddable":true,"href":"https:\/\/quebaratodigital.com\/index.php?rest_route=%2Fwp%2Fv2%2Fproduct_brand&post=1925"},{"taxonomy":"product_cat","embeddable":true,"href":"https:\/\/quebaratodigital.com\/index.php?rest_route=%2Fwp%2Fv2%2Fproduct_cat&post=1925"},{"taxonomy":"product_tag","embeddable":true,"href":"https:\/\/quebaratodigital.com\/index.php?rest_route=%2Fwp%2Fv2%2Fproduct_tag&post=1925"}],"curies":[{"name":"wp","href":"https:\/\/api.w.org\/{rel}","templated":true}]}}